Last updated on 2024-04-23 05:58:12 CEST.
Flavor | Version | Tinstall | Tcheck | Ttotal | Status | Flags |
---|---|---|---|---|---|---|
r-devel-linux-x86_64-debian-clang | 1.0.3 | 3.93 | 210.70 | 214.63 | OK | |
r-devel-linux-x86_64-debian-gcc | 1.0.3 | 3.71 | 152.93 | 156.64 | OK | |
r-devel-linux-x86_64-fedora-clang | 1.0.3 | 262.83 | NOTE | |||
r-devel-linux-x86_64-fedora-gcc | 1.0.3 | 257.43 | NOTE | |||
r-prerel-macos-arm64 | 1.0.3 | 76.00 | OK | |||
r-prerel-macos-x86_64 | 1.0.3 | 221.00 | OK | |||
r-prerel-windows-x86_64 | 1.0.3 | 5.00 | 174.00 | 179.00 | OK | |
r-patched-linux-x86_64 | 1.0.3 | 4.69 | 208.62 | 213.31 | OK | |
r-release-linux-x86_64 | 1.0.3 | 2.77 | 192.89 | 195.66 | OK | |
r-release-macos-arm64 | 1.0.3 | 117.00 | OK | |||
r-release-macos-x86_64 | 1.0.3 | 300.00 | OK | |||
r-release-windows-x86_64 | 1.0.3 | 7.00 | 230.00 | 237.00 | OK | |
r-oldrel-macos-arm64 | 1.0.3 | 106.00 | OK | |||
r-oldrel-windows-x86_64 | 1.0.3 | 7.00 | 227.00 | 234.00 | OK |
Version: 1.0.3
Check: data for non-ASCII characters
Result: NOTE
Note: found 2356 marked UTF-8 strings
Flavors: r-devel-linux-x86_64-fedora-clang, r-devel-linux-x86_64-fedora-gcc