Last updated on 2023-03-22 21:58:00 CET.
Flavor | Version | Tinstall | Tcheck | Ttotal | Status | Flags |
---|---|---|---|---|---|---|
r-devel-linux-x86_64-debian-clang | 0.2.6.0 | 133.50 | 77.68 | 211.18 | NOTE | |
r-devel-linux-x86_64-debian-gcc | 0.2.6.0 | 107.87 | 58.43 | 166.30 | NOTE | |
r-devel-linux-x86_64-fedora-clang | 0.2.6.0 | 324.18 | NOTE | |||
r-devel-linux-x86_64-fedora-gcc | 0.2.6.0 | 304.12 | NOTE | |||
r-patched-linux-x86_64 | 0.2.6.0 | 118.85 | 73.30 | 192.15 | NOTE | |
r-release-linux-x86_64 | 0.2.6.0 | 121.11 | 74.14 | 195.25 | NOTE | |
r-release-macos-arm64 | 0.2.6.0 | 72.00 | NOTE | |||
r-release-macos-x86_64 | 0.2.6.0 | 106.00 | NOTE | |||
r-release-windows-x86_64 | 0.2.6.0 | 121.00 | 130.00 | 251.00 | NOTE | |
r-oldrel-macos-arm64 | 0.2.6.0 | 76.00 | NOTE | |||
r-oldrel-macos-x86_64 | 0.2.6.0 | 109.00 | NOTE | |||
r-oldrel-windows-ix86+x86_64 | 0.2.6.0 | 324.00 | 140.00 | 464.00 | NOTE |
Version: 0.2.6.0
Check: C++ specification
Result: NOTE
Specified C++11: please drop specification unless essential
Flavors: r-devel-linux-x86_64-debian-clang, r-devel-linux-x86_64-debian-gcc, r-devel-linux-x86_64-fedora-clang, r-devel-linux-x86_64-fedora-gcc
Version: 0.2.6.0
Check: LazyData
Result: NOTE
'LazyData' is specified without a 'data' directory
Flavors: r-devel-linux-x86_64-debian-clang, r-devel-linux-x86_64-debian-gcc, r-devel-linux-x86_64-fedora-clang, r-devel-linux-x86_64-fedora-gcc, r-patched-linux-x86_64, r-release-linux-x86_64, r-release-macos-arm64, r-release-macos-x86_64, r-release-windows-x86_64, r-oldrel-macos-arm64, r-oldrel-macos-x86_64, r-oldrel-windows-ix86+x86_64
Version: 0.2.6.0
Check: installed package size
Result: NOTE
installed size is 5.5Mb
sub-directories of 1Mb or more:
libs 5.1Mb
Flavors: r-release-macos-arm64, r-release-macos-x86_64, r-oldrel-macos-arm64, r-oldrel-macos-x86_64