CRAN Package Check Results for Package ggdist

Last updated on 2020-09-23 07:02:40 CEST.

Flavor Version Tinstall Tcheck Ttotal Status Flags
r-devel-linux-x86_64-debian-clang 2.2.0 11.26 207.50 218.76 OK
r-devel-linux-x86_64-debian-gcc 2.2.0 9.47 152.43 161.90 OK
r-devel-linux-x86_64-fedora-clang 2.2.0 256.52 OK
r-devel-linux-x86_64-fedora-gcc 2.2.0 252.92 OK
r-devel-windows-ix86+x86_64 2.2.0 24.00 244.00 268.00 OK
r-patched-linux-x86_64 2.2.0 11.66 191.85 203.51 OK
r-patched-solaris-x86 2.2.0 317.10 OK
r-release-linux-x86_64 2.2.0 12.02 194.05 206.07 OK
r-release-macos-x86_64 2.2.0 OK
r-release-windows-ix86+x86_64 2.2.0 30.00 255.00 285.00 OK
r-oldrel-macos-x86_64 2.2.0 ERROR
r-oldrel-windows-ix86+x86_64 2.2.0 14.00 189.00 203.00 ERROR

Check Details

Version: 2.2.0
Check: tests
Result: ERROR
     Running ‘testthat.R’ [64s/64s]
    Running the tests in ‘tests/testthat.R’ failed.
    Last 13 lines of output:
     >
     > test_check("ggdist")
     ── 1. Failure: stat_dist_dots works on NA data (@test.geom_dotsinterval.R#98) ─
     `vdiffr::expect_doppelganger(...)` produced unexpected warnings.
     Expected match: Removed 1 rows containing non-finite values
     Actual values:
     * Computation failed in `stat_dist_dots()`:
     stat_dist_slabinterval does not support objects of type "factor"
    
     ══ testthat results ═══════════════════════════════════════════════════════════
     [ OK: 98 | SKIPPED: 146 | WARNINGS: 8 | FAILED: 1 ]
     1. Failure: stat_dist_dots works on NA data (@test.geom_dotsinterval.R#98)
    
     Error: testthat unit tests failed
     Execution halted
Flavor: r-oldrel-macos-x86_64

Version: 2.2.0
Check: tests
Result: ERROR
     Running 'testthat.R' [74s]
    Running the tests in 'tests/testthat.R' failed.
    Complete output:
     > # This is necessary because some tests fail otherwise; see https://github.com/hadley/testthat/issues/144
     > Sys.setenv("R_TESTS" = "")
     >
     > library(testthat)
     > library(ggdist)
     >
     > test_check("ggdist")
     -- 1. Failure: stat_dist_dots works on NA data (@test.geom_dotsinterval.R#98) -
     `vdiffr::expect_doppelganger(...)` produced unexpected warnings.
     Expected match: Removed 1 rows containing non-finite values
     Actual values:
     * Computation failed in `stat_dist_dots()`:
     stat_dist_slabinterval does not support objects of type "factor"
    
     == testthat results ===========================================================
     [ OK: 98 | SKIPPED: 146 | WARNINGS: 8 | FAILED: 1 ]
     1. Failure: stat_dist_dots works on NA data (@test.geom_dotsinterval.R#98)
    
     Error: testthat unit tests failed
     Execution halted
Flavor: r-oldrel-windows-ix86+x86_64