CRAN Package Check Results for Package ggbuildr

Last updated on 2024-05-22 12:21:22 CEST.

Flavor Version Tinstall Tcheck Ttotal Status Flags
r-devel-linux-x86_64-debian-clang 0.1.0 4.82 54.00 58.82 NOTE
r-devel-linux-x86_64-debian-gcc 0.1.0 3.49 40.11 43.60 NOTE
r-devel-linux-x86_64-fedora-clang 0.1.0 72.76 NOTE
r-devel-linux-x86_64-fedora-gcc 0.1.0 68.18 NOTE
r-devel-windows-x86_64 0.1.0 6.00 65.00 71.00 NOTE
r-patched-linux-x86_64 0.1.0 4.29 49.87 54.16 NOTE
r-release-linux-x86_64 0.1.0 3.62 50.91 54.53 NOTE
r-release-macos-arm64 0.1.0 26.00 NOTE
r-release-windows-x86_64 0.1.0 6.00 63.00 69.00 NOTE
r-oldrel-macos-arm64 0.1.0 26.00 NOTE
r-oldrel-macos-x86_64 0.1.0 37.00 NOTE
r-oldrel-windows-x86_64 0.1.0 7.00 67.00 74.00 NOTE

Check Details

Version: 0.1.0
Check: LazyData
Result: NOTE 'LazyData' is specified without a 'data' directory Flavors: r-devel-linux-x86_64-debian-clang, r-devel-linux-x86_64-debian-gcc, r-devel-linux-x86_64-fedora-clang, r-devel-linux-x86_64-fedora-gcc, r-devel-windows-x86_64, r-patched-linux-x86_64, r-release-linux-x86_64, r-release-macos-arm64, r-release-windows-x86_64, r-oldrel-macos-arm64, r-oldrel-macos-x86_64, r-oldrel-windows-x86_64