CRAN Package Check Results for Package ggamma

Last updated on 2025-05-11 21:50:08 CEST.

Flavor Version Tinstall Tcheck Ttotal Status Flags
r-devel-linux-x86_64-debian-clang 1.0.1 1.48 22.89 24.37 OK
r-devel-linux-x86_64-debian-gcc 1.0.1 1.42 19.08 20.50 OK
r-devel-linux-x86_64-fedora-clang 1.0.1 38.12 OK
r-devel-linux-x86_64-fedora-gcc 1.0.1 37.97 OK
r-devel-windows-x86_64 1.0.1 2.00 49.00 51.00 OK
r-patched-linux-x86_64 1.0.1 1.64 22.52 24.16 OK
r-release-linux-x86_64 1.0.1 1.48 22.39 23.87 OK
r-release-macos-arm64 1.0.1 18.00 OK
r-release-macos-x86_64 1.0.1 45.00 OK
r-release-windows-x86_64 1.0.1 2.00 50.00 52.00 OK
r-oldrel-macos-arm64 1.0.1 18.00 NOTE
r-oldrel-macos-x86_64 1.0.1 25.00 NOTE
r-oldrel-windows-x86_64 1.0.1 3.00 52.00 55.00 NOTE

Check Details

Version: 1.0.1
Check: LazyData
Result: NOTE 'LazyData' is specified without a 'data' directory Flavors: r-oldrel-macos-arm64, r-oldrel-macos-x86_64, r-oldrel-windows-x86_64