Last updated on 2024-03-28 12:50:35 CET.
Flavor | Version | Tinstall | Tcheck | Ttotal | Status | Flags |
---|---|---|---|---|---|---|
r-devel-linux-x86_64-debian-clang | 1.5.2 | 7.50 | 144.55 | 152.05 | OK | |
r-devel-linux-x86_64-debian-gcc | 1.5.2 | 6.98 | 108.12 | 115.10 | OK | |
r-devel-linux-x86_64-fedora-clang | 1.5.2 | 198.50 | NOTE | |||
r-devel-linux-x86_64-fedora-gcc | 1.5.2 | 192.88 | OK | |||
r-devel-windows-x86_64 | 1.5.2 | 9.00 | 124.00 | 133.00 | NOTE | |
r-patched-linux-x86_64 | 1.5.2 | 9.69 | 145.20 | 154.89 | OK | |
r-release-linux-x86_64 | 1.5.2 | 6.94 | 140.49 | 147.43 | OK | |
r-release-macos-arm64 | 1.5.2 | 65.00 | NOTE | |||
r-release-macos-x86_64 | 1.5.2 | 107.00 | NOTE | |||
r-release-windows-x86_64 | 1.5.2 | 12.00 | 150.00 | 162.00 | NOTE | |
r-oldrel-macos-arm64 | 1.5.2 | 62.00 | NOTE | |||
r-oldrel-windows-x86_64 | 1.5.2 | 12.00 | 156.00 | 168.00 | NOTE |
Version: 1.5.2
Check: installed package size
Result: NOTE
installed size is 11.1Mb
sub-directories of 1Mb or more:
doc 9.5Mb
help 1.1Mb
Flavors: r-devel-linux-x86_64-fedora-clang, r-devel-windows-x86_64, r-release-macos-arm64, r-release-macos-x86_64, r-release-windows-x86_64, r-oldrel-macos-arm64, r-oldrel-windows-x86_64