Last updated on 2023-04-01 07:10:39 CEST.
Flavor | Version | Tinstall | Tcheck | Ttotal | Status | Flags |
---|---|---|---|---|---|---|
r-devel-linux-x86_64-debian-clang | 1.0.2 | 7.05 | 73.96 | 81.01 | NOTE | |
r-devel-linux-x86_64-debian-gcc | 1.0.2 | 5.65 | 54.02 | 59.67 | NOTE | |
r-devel-linux-x86_64-fedora-clang | 1.0.2 | 97.25 | NOTE | |||
r-devel-linux-x86_64-fedora-gcc | 1.0.2 | 102.24 | NOTE | |||
r-devel-windows-x86_64 | 1.0.2 | 38.00 | 106.00 | 144.00 | NOTE | |
r-patched-linux-x86_64 | 1.0.2 | 5.15 | 67.22 | 72.37 | NOTE | |
r-release-linux-x86_64 | 1.0.2 | 5.08 | 68.03 | 73.11 | OK | |
r-release-macos-arm64 | 1.0.2 | 31.00 | OK | |||
r-release-macos-x86_64 | 1.0.2 | 59.00 | OK | |||
r-release-windows-x86_64 | 1.0.2 | 38.00 | 108.00 | 146.00 | OK | |
r-oldrel-macos-arm64 | 1.0.2 | 31.00 | OK | |||
r-oldrel-macos-x86_64 | 1.0.2 | 47.00 | OK | |||
r-oldrel-windows-ix86+x86_64 | 1.0.2 | 17.00 | 100.00 | 117.00 | OK |
Version: 1.0.2
Check: package subdirectories
Result: NOTE
Problems with news in ‘NEWS.md’:
Cannot extract version info from the following section titles:
Win CRAN check results - R Windows
Flavors: r-devel-linux-x86_64-debian-clang, r-devel-linux-x86_64-debian-gcc, r-devel-linux-x86_64-fedora-clang, r-devel-linux-x86_64-fedora-gcc, r-devel-windows-x86_64, r-patched-linux-x86_64