Last updated on 2025-02-22 12:50:32 CET.
Flavor | Version | Tinstall | Tcheck | Ttotal | Status | Flags |
---|---|---|---|---|---|---|
r-devel-linux-x86_64-debian-clang | 1.0.2 | 5.28 | 62.67 | 67.95 | NOTE | |
r-devel-linux-x86_64-debian-gcc | 1.0.2 | 3.77 | 44.52 | 48.29 | NOTE | |
r-devel-linux-x86_64-fedora-clang | 1.0.2 | 104.00 | NOTE | |||
r-devel-linux-x86_64-fedora-gcc | 1.0.2 | 112.87 | NOTE | |||
r-devel-macos-arm64 | 1.0.2 | 40.00 | NOTE | |||
r-devel-macos-x86_64 | 1.0.2 | 75.00 | NOTE | |||
r-devel-windows-x86_64 | 1.0.2 | 7.00 | 75.00 | 82.00 | NOTE | |
r-patched-linux-x86_64 | 1.0.2 | 5.43 | 56.15 | 61.58 | NOTE | |
r-release-linux-x86_64 | 1.0.2 | 4.83 | 54.80 | 59.63 | NOTE | |
r-release-macos-arm64 | 1.0.2 | 38.00 | NOTE | |||
r-release-macos-x86_64 | 1.0.2 | 56.00 | NOTE | |||
r-release-windows-x86_64 | 1.0.2 | 8.00 | 73.00 | 81.00 | NOTE | |
r-oldrel-macos-arm64 | 1.0.2 | 38.00 | NOTE | |||
r-oldrel-macos-x86_64 | 1.0.2 | 61.00 | NOTE | |||
r-oldrel-windows-x86_64 | 1.0.2 | 9.00 | 86.00 | 95.00 | NOTE |
Version: 1.0.2
Check: package subdirectories
Result: NOTE
Problems with news in ‘NEWS.md’:
Cannot extract version info from the following section titles:
Win CRAN check results - R Windows
Flavors: r-devel-linux-x86_64-debian-clang, r-devel-linux-x86_64-debian-gcc, r-devel-linux-x86_64-fedora-clang, r-devel-linux-x86_64-fedora-gcc, r-devel-macos-arm64, r-devel-macos-x86_64, r-devel-windows-x86_64, r-patched-linux-x86_64, r-release-linux-x86_64, r-release-macos-arm64, r-release-macos-x86_64, r-release-windows-x86_64, r-oldrel-macos-arm64, r-oldrel-macos-x86_64, r-oldrel-windows-x86_64