Last updated on 2022-05-24 21:51:43 CEST.
Flavor | Version | Tinstall | Tcheck | Ttotal | Status | Flags |
---|---|---|---|---|---|---|
r-devel-linux-x86_64-debian-clang | 2.2.0 | 68.84 | 607.06 | 675.90 | OK | |
r-devel-linux-x86_64-debian-gcc | 2.2.0 | 57.41 | 394.11 | 451.52 | OK | |
r-devel-linux-x86_64-fedora-clang | 2.2.0 | 816.33 | NOTE | |||
r-devel-linux-x86_64-fedora-gcc | 2.2.0 | 727.28 | OK | |||
r-devel-windows-x86_64 | 2.2.0 | 179.00 | 518.00 | 697.00 | NOTE | |
r-patched-linux-x86_64 | 2.2.0 | 58.89 | 507.78 | 566.67 | OK | |
r-release-linux-x86_64 | 2.2.0 | OK | ||||
r-release-macos-arm64 | 2.2.0 | 221.00 | NOTE | |||
r-release-macos-x86_64 | 2.2.0 | 339.00 | NOTE | |||
r-release-windows-x86_64 | 2.2.0 | 154.00 | 648.00 | 802.00 | NOTE | |
r-oldrel-macos-arm64 | 2.2.0 | 229.00 | NOTE | |||
r-oldrel-macos-x86_64 | 2.2.0 | 308.00 | NOTE | |||
r-oldrel-windows-ix86+x86_64 | 2.2.0 | 112.00 | 475.00 | 587.00 | NOTE |
Version: 2.2.0
Check: installed package size
Result: NOTE
installed size is 5.9Mb
sub-directories of 1Mb or more:
data 3.6Mb
doc 1.9Mb
Flavors: r-devel-linux-x86_64-fedora-clang, r-devel-windows-x86_64, r-release-macos-arm64, r-release-macos-x86_64, r-release-windows-x86_64, r-oldrel-macos-arm64, r-oldrel-macos-x86_64, r-oldrel-windows-ix86+x86_64