CRAN Package Check Results for Package ggPMX

Last updated on 2020-08-12 21:49:41 CEST.

Flavor Version Tinstall Tcheck Ttotal Status Flags
r-devel-linux-x86_64-debian-clang 1.1.2 12.56 214.06 226.62 NOTE
r-devel-linux-x86_64-debian-gcc 1.1.2 10.89 154.16 165.05 OK
r-devel-linux-x86_64-fedora-clang 1.1.2 255.71 OK
r-devel-linux-x86_64-fedora-gcc 1.1.2 231.13 OK
r-devel-windows-ix86+x86_64 1.1.2 25.00 248.00 273.00 OK
r-patched-linux-x86_64 1.1.2 12.91 189.92 202.83 OK
r-patched-solaris-x86 1.1.2 256.90 NOTE
r-release-linux-x86_64 1.1.2 14.44 183.15 197.59 NOTE
r-release-macos-x86_64 1.1.2 OK
r-release-windows-ix86+x86_64 1.1.2 38.00 249.00 287.00 OK
r-oldrel-macos-x86_64 1.1.2 OK
r-oldrel-windows-ix86+x86_64 1.1.2 25.00 178.00 203.00 OK

Check Details

Version: 1.1.2
Check: package dependencies
Result: NOTE
    Package suggested but not available for checking: 'nlmixr'
Flavors: r-devel-linux-x86_64-debian-clang, r-release-linux-x86_64

Version: 1.1.2
Check: installed package size
Result: NOTE
     installed size is 5.3Mb
     sub-directories of 1Mb or more:
     doc 1.1Mb
     help 1.0Mb
     testdata 2.5Mb
Flavor: r-patched-solaris-x86