Last updated on 2023-04-02 12:56:01 CEST.
Flavor | Version | Tinstall | Tcheck | Ttotal | Status | Flags |
---|---|---|---|---|---|---|
r-devel-linux-x86_64-debian-clang | 1.1.1 | 91.07 | 44.68 | 135.75 | OK | |
r-devel-linux-x86_64-debian-gcc | 1.1.1 | 61.38 | 34.65 | 96.03 | OK | |
r-devel-linux-x86_64-fedora-clang | 1.1.1 | 206.14 | OK | |||
r-devel-linux-x86_64-fedora-gcc | 1.1.1 | 182.79 | NOTE | |||
r-devel-windows-x86_64 | 1.1.1 | 66.00 | 106.00 | 172.00 | OK | |
r-patched-linux-x86_64 | 1.1.1 | 71.27 | 44.06 | 115.33 | OK | |
r-release-linux-x86_64 | 1.1.1 | 62.65 | 45.53 | 108.18 | OK | |
r-release-macos-arm64 | 1.1.0 | 43.00 | OK | |||
r-release-macos-x86_64 | 1.1.1 | 78.00 | OK | |||
r-release-windows-x86_64 | 1.1.1 | 69.00 | 102.00 | 171.00 | OK | |
r-oldrel-macos-arm64 | 1.1.0 | 37.00 | OK | |||
r-oldrel-macos-x86_64 | 1.1.1 | 84.00 | OK | |||
r-oldrel-windows-ix86+x86_64 | 1.1.1 | 184.00 | 123.00 | 307.00 | WARN |
Version: 1.1.1
Check: for non-standard things in the check directory
Result: NOTE
Found the following files/directories:
‘gfpop.data’
Flavor: r-devel-linux-x86_64-fedora-gcc
Version: 1.1.1
Check: for unstated dependencies in ‘tests’
Result: WARN
Warning: unable to access index for repository https://bioconductor.org/packages/3.14/bioc/src/contrib:
cannot open URL 'https://bioconductor.org/packages/3.14/bioc/src/contrib/PACKAGES'
Warning: unable to access index for repository https://bioconductor.org/packages/3.14/data/annotation/src/contrib:
cannot open URL 'https://bioconductor.org/packages/3.14/data/annotation/src/contrib/PACKAGES'
Warning: unable to access index for repository https://bioconductor.org/packages/3.14/data/experiment/src/contrib:
cannot open URL 'https://bioconductor.org/packages/3.14/data/experiment/src/contrib/PACKAGES'
Flavor: r-oldrel-windows-ix86+x86_64