CRAN Package Check Results for Package getPass

Last updated on 2020-07-15 06:48:03 CEST.

Flavor Version Tinstall Tcheck Ttotal Status Flags
r-devel-linux-x86_64-debian-clang 0.2-2 3.06 26.70 29.76 OK
r-devel-linux-x86_64-debian-gcc 0.2-2 2.17 20.94 23.11 OK
r-devel-linux-x86_64-fedora-clang 0.2-2 45.43 OK
r-devel-linux-x86_64-fedora-gcc 0.2-2 36.80 OK
r-devel-windows-ix86+x86_64 0.2-2 17.00 66.00 83.00 OK
r-patched-linux-x86_64 0.2-2 2.75 25.97 28.72 OK
r-patched-solaris-x86 0.2-2 55.50 OK
r-release-linux-x86_64 0.2-2 2.74 26.29 29.03 OK
r-release-macos-x86_64 0.2-2 ERROR
r-release-windows-ix86+x86_64 0.2-2 15.00 51.00 66.00 OK
r-oldrel-macos-x86_64 0.2-2 OK
r-oldrel-windows-ix86+x86_64 0.2-2 29.00 62.00 91.00 OK

Check Details

Version: 0.2-2
Check: whether package can be installed
Result: ERROR
    Installation failed.
Flavor: r-release-macos-x86_64