CRAN Package Check Results for Package getLattes

Last updated on 2021-03-04 06:47:32 CET.

Flavor Version Tinstall Tcheck Ttotal Status Flags
r-devel-linux-x86_64-debian-clang 0.1.1 7.71 68.42 76.13 WARN
r-devel-linux-x86_64-debian-gcc 0.1.1 6.18 49.83 56.01 WARN
r-devel-linux-x86_64-fedora-clang 0.1.1 98.61 WARN
r-devel-linux-x86_64-fedora-gcc 0.1.1 88.02 WARN
r-devel-windows-ix86+x86_64 0.1.1 18.00 86.00 104.00 WARN
r-patched-linux-x86_64 0.1.1 7.72 62.01 69.73 WARN
r-patched-solaris-x86 0.1.1 126.60 WARN
r-release-linux-x86_64 0.1.1 7.60 62.63 70.23 WARN
r-release-macos-x86_64 0.1.1 NOTE
r-release-windows-ix86+x86_64 0.1.1 14.00 67.00 81.00 OK
r-oldrel-macos-x86_64 0.1.1 NOTE
r-oldrel-windows-ix86+x86_64 0.1.1 16.00 84.00 100.00 WARN

Check Details

Version: 0.1.1
Check: re-building of vignette outputs
Result: WARN
    Error(s) in re-building vignettes:
     ...
    --- re-building 'introduction_getLattes.Rmd' using rmarkdown
    
    Attaching package: 'dplyr'
    
    The following objects are masked from 'package:stats':
    
     filter, lag
    
    The following objects are masked from 'package:base':
    
     intersect, setdiff, setequal, union
    
    Quitting from lines 237-242 (introduction_getLattes.Rmd)
    Error: processing vignette 'introduction_getLattes.Rmd' failed with diagnostics:
    Assigned data `paste0(...)` must be compatible with row subscript `is.na(a$revista) | a$revista == ""`.
    x 0 rows must be assigned.
    x Assigned data has 2 rows.
    i Only vectors of size 1 are recycled.
    --- failed re-building 'introduction_getLattes.Rmd'
    
    SUMMARY: processing the following file failed:
     'introduction_getLattes.Rmd'
    
    Error: Vignette re-building failed.
    Execution halted
Flavor: r-devel-linux-x86_64-debian-clang

Version: 0.1.1
Check: re-building of vignette outputs
Result: WARN
    Error(s) in re-building vignettes:
     ...
    --- re-building ‘introduction_getLattes.Rmd’ using rmarkdown
    
    Attaching package: 'dplyr'
    
    The following objects are masked from 'package:stats':
    
     filter, lag
    
    The following objects are masked from 'package:base':
    
     intersect, setdiff, setequal, union
    
    Quitting from lines 237-242 (introduction_getLattes.Rmd)
    Error: processing vignette 'introduction_getLattes.Rmd' failed with diagnostics:
    Assigned data `paste0(...)` must be compatible with row subscript `is.na(a$revista) | a$revista == ""`.
    ✖ 0 rows must be assigned.
    ✖ Assigned data has 2 rows.
    ℹ Only vectors of size 1 are recycled.
    --- failed re-building ‘introduction_getLattes.Rmd’
    
    SUMMARY: processing the following file failed:
     ‘introduction_getLattes.Rmd’
    
    Error: Vignette re-building failed.
    Execution halted
Flavors: r-devel-linux-x86_64-debian-gcc, r-patched-linux-x86_64, r-release-linux-x86_64

Version: 0.1.1
Check: dependencies in R code
Result: NOTE
    Namespaces in Imports field not imported from:
     ‘rlang’ ‘rlist’
     All declared Imports should be used.
Flavors: r-devel-linux-x86_64-fedora-clang, r-devel-linux-x86_64-fedora-gcc, r-patched-solaris-x86, r-release-macos-x86_64, r-oldrel-macos-x86_64

Version: 0.1.1
Check: data for non-ASCII characters
Result: NOTE
     Note: found 54 marked Latin-1 strings
     Note: found 14285 marked UTF-8 strings
Flavors: r-devel-linux-x86_64-fedora-clang, r-devel-linux-x86_64-fedora-gcc, r-patched-solaris-x86, r-release-macos-x86_64, r-oldrel-macos-x86_64

Version: 0.1.1
Check: re-building of vignette outputs
Result: WARN
    Error(s) in re-building vignettes:
    --- re-building ‘introduction_getLattes.Rmd’ using rmarkdown
    
    Attaching package: 'dplyr'
    
    The following objects are masked from 'package:stats':
    
     filter, lag
    
    The following objects are masked from 'package:base':
    
     intersect, setdiff, setequal, union
    
    Quitting from lines 237-242 (introduction_getLattes.Rmd)
    Error: processing vignette 'introduction_getLattes.Rmd' failed with diagnostics:
    Assigned data `paste0(...)` must be compatible with row subscript `is.na(a$revista) | a$revista == ""`.
    ✖ 0 rows must be assigned.
    ✖ Assigned data has 2 rows.
    ℹ Only vectors of size 1 are recycled.
    --- failed re-building ‘introduction_getLattes.Rmd’
    
    SUMMARY: processing the following file failed:
     ‘introduction_getLattes.Rmd’
    
    Error: Vignette re-building failed.
    Execution halted
Flavors: r-devel-linux-x86_64-fedora-clang, r-devel-linux-x86_64-fedora-gcc

Version: 0.1.1
Check: re-building of vignette outputs
Result: WARN
    Error(s) in re-building vignettes:
    --- re-building 'introduction_getLattes.Rmd' using rmarkdown
    
    Attaching package: 'dplyr'
    
    The following objects are masked from 'package:stats':
    
     filter, lag
    
    The following objects are masked from 'package:base':
    
     intersect, setdiff, setequal, union
    
    Quitting from lines 237-242 (introduction_getLattes.Rmd)
    Error: processing vignette 'introduction_getLattes.Rmd' failed with diagnostics:
    Assigned data `paste0(...)` must be compatible with row subscript `is.na(a$revista) | a$revista == ""`.
    x 0 rows must be assigned.
    x Assigned data has 2 rows.
    i Only vectors of size 1 are recycled.
    --- failed re-building 'introduction_getLattes.Rmd'
    
    SUMMARY: processing the following file failed:
     'introduction_getLattes.Rmd'
    
    Error: Vignette re-building failed.
    Execution halted
Flavors: r-devel-windows-ix86+x86_64, r-oldrel-windows-ix86+x86_64

Version: 0.1.1
Check: re-building of vignette outputs
Result: WARN
    Error(s) in re-building vignettes:
     ...
    --- re-building ‘introduction_getLattes.Rmd’ using rmarkdown
    Warning in engine$weave(file, quiet = quiet, encoding = enc) :
     Pandoc (>= 1.12.3) and/or pandoc-citeproc not available. Falling back to R Markdown v1.
    
    Attaching package: 'dplyr'
    
    The following objects are masked from 'package:stats':
    
     filter, lag
    
    The following objects are masked from 'package:base':
    
     intersect, setdiff, setequal, union
    
    Quitting from lines 237-242 (introduction_getLattes.Rmd)
    Error: processing vignette 'introduction_getLattes.Rmd' failed with diagnostics:
    Assigned data `paste0(...)` must be compatible with row subscript `is.na(a$revista) | a$revista == ""`.
    ✖ 0 rows must be assigned.
    ✖ Assigned data has 2 rows.
    ℹ Only vectors of size 1 are recycled.
    --- failed re-building ‘introduction_getLattes.Rmd’
    
    SUMMARY: processing the following file failed:
     ‘introduction_getLattes.Rmd’
    
    Error: Vignette re-building failed.
    Execution halted
Flavor: r-patched-solaris-x86