CRAN Package Check Results for Package gert

Last updated on 2021-10-24 21:49:54 CEST.

Flavor Version Tinstall Tcheck Ttotal Status Flags
r-devel-linux-x86_64-debian-clang 1.4.1 7.91 35.10 43.01 OK
r-devel-linux-x86_64-debian-gcc 1.4.1 5.55 27.26 32.81 OK
r-devel-linux-x86_64-fedora-clang 1.4.1 63.49 OK
r-devel-linux-x86_64-fedora-gcc 1.4.1 52.56 OK
r-devel-windows-x86_64 1.4.1 20.00 81.00 101.00 OK
r-devel-windows-x86_64-gcc10-UCRT 1.4.1 OK
r-patched-linux-x86_64 1.4.1 7.12 33.54 40.66 OK
r-patched-solaris-x86 1.4.1 70.20 OK
r-release-linux-x86_64 1.4.1 6.57 33.91 40.48 OK
r-release-macos-arm64 1.4.1 OK
r-release-macos-x86_64 1.4.1 OK
r-release-windows-ix86+x86_64 1.4.1 27.00 115.00 142.00 NOTE
r-oldrel-macos-x86_64 1.4.1 OK
r-oldrel-windows-ix86+x86_64 1.4.1 35.00 119.00 154.00 NOTE

Check Details

Version: 1.4.1
Check: installed package size
Result: NOTE
     installed size is 7.6Mb
     sub-directories of 1Mb or more:
     libs 7.4Mb
Flavors: r-release-windows-ix86+x86_64, r-oldrel-windows-ix86+x86_64