CRAN Package Check Results for Package geoviz

Last updated on 2022-08-08 12:54:56 CEST.

Flavor Version Tinstall Tcheck Ttotal Status Flags
r-devel-linux-x86_64-debian-clang 0.2.2 4.10 135.38 139.48 NOTE
r-devel-linux-x86_64-debian-gcc 0.2.2 3.32 104.67 107.99 NOTE
r-devel-linux-x86_64-fedora-clang 0.2.2 173.70 NOTE
r-devel-linux-x86_64-fedora-gcc 0.2.2 169.73 NOTE
r-devel-windows-x86_64 0.2.2 18.00 181.00 199.00 NOTE
r-patched-linux-x86_64 0.2.2 4.20 128.75 132.95 NOTE
r-release-linux-x86_64 0.2.2 NOTE
r-release-macos-arm64 0.2.2 63.00 NOTE
r-release-macos-x86_64 0.2.2 132.00 NOTE
r-release-windows-x86_64 0.2.2 20.00 189.00 209.00 NOTE
r-oldrel-macos-arm64 0.2.2 55.00 NOTE
r-oldrel-macos-x86_64 0.2.2 90.00 NOTE
r-oldrel-windows-ix86+x86_64 0.2.2 11.00 176.00 187.00 NOTE

Check Details

Version: 0.2.2
Check: LazyData
Result: NOTE
     'LazyData' is specified without a 'data' directory
Flavors: r-devel-linux-x86_64-debian-clang, r-devel-linux-x86_64-debian-gcc, r-devel-linux-x86_64-fedora-clang, r-devel-linux-x86_64-fedora-gcc, r-devel-windows-x86_64, r-patched-linux-x86_64, r-release-linux-x86_64, r-release-macos-arm64, r-release-macos-x86_64, r-release-windows-x86_64, r-oldrel-macos-arm64, r-oldrel-macos-x86_64, r-oldrel-windows-ix86+x86_64

Version: 0.2.2
Check: package dependencies
Result: NOTE
    Imports includes 22 non-default packages.
    Importing from so many packages makes the package vulnerable to any of
    them becoming unavailable. Move as many as possible to Suggests and
    use conditionally.
Flavor: r-devel-linux-x86_64-fedora-clang