CRAN Package Check Results for Package geoviz

Last updated on 2020-06-07 06:46:46 CEST.

Flavor Version Tinstall Tcheck Ttotal Status Flags
r-devel-linux-x86_64-debian-clang 0.2.2 3.48 94.84 98.32 OK
r-devel-linux-x86_64-debian-gcc 0.2.2 2.68 77.03 79.71 OK
r-devel-linux-x86_64-fedora-clang 0.2.2 127.59 NOTE
r-devel-linux-x86_64-fedora-gcc 0.2.2 117.61 OK
r-devel-windows-ix86+x86_64 0.2.2 14.00 163.00 177.00 OK
r-patched-linux-x86_64 0.2.2 3.05 96.16 99.21 OK
r-patched-solaris-x86 0.2.2 200.70 OK
r-release-linux-x86_64 0.2.2 3.24 96.00 99.24 OK
r-release-osx-x86_64 0.2.2 OK
r-release-windows-ix86+x86_64 0.2.2 15.00 169.00 184.00 OK
r-oldrel-osx-x86_64 0.2.2 NOTE
r-oldrel-windows-ix86+x86_64 0.2.2 11.00 152.00 163.00 OK

Check Details

Version: 0.2.2
Check: package dependencies
Result: NOTE
    Imports includes 22 non-default packages.
    Importing from so many packages makes the package vulnerable to any of
    them becoming unavailable. Move as many as possible to Suggests and
    use conditionally.
Flavor: r-devel-linux-x86_64-fedora-clang

Version: 0.2.2
Check: dependencies in R code
Result: NOTE
    No protocol specified
Flavor: r-oldrel-osx-x86_64