Last updated on 2023-03-29 11:52:16 CEST.
Flavor | Version | Tinstall | Tcheck | Ttotal | Status | Flags |
---|---|---|---|---|---|---|
r-devel-linux-x86_64-debian-clang | 0.2.6 | 35.80 | 317.17 | 352.97 | OK | |
r-devel-linux-x86_64-debian-gcc | 0.2.6 | 29.85 | 230.66 | 260.51 | OK | |
r-devel-linux-x86_64-fedora-clang | 0.2.6 | 423.47 | NOTE | |||
r-devel-linux-x86_64-fedora-gcc | 0.2.6 | 420.81 | NOTE | |||
r-devel-windows-x86_64 | 0.2.6 | 44.00 | 313.00 | 357.00 | OK | |
r-patched-linux-x86_64 | 0.2.6 | 31.86 | 300.82 | 332.68 | OK | |
r-release-linux-x86_64 | 0.2.6 | 28.92 | 290.62 | 319.54 | OK | |
r-release-macos-arm64 | 0.2.6 | 76.00 | NOTE | |||
r-release-macos-x86_64 | 0.2.6 | 121.00 | NOTE | |||
r-release-windows-x86_64 | 0.2.6 | 40.00 | 296.00 | 336.00 | OK | |
r-oldrel-macos-arm64 | 0.2.6 | 76.00 | NOTE | |||
r-oldrel-macos-x86_64 | 0.2.6 | 117.00 | NOTE | |||
r-oldrel-windows-ix86+x86_64 | 0.2.6 | 76.00 | 316.00 | 392.00 | NOTE |
Version: 0.2.6
Check: data for non-ASCII characters
Result: NOTE
Note: found 64 marked Latin-1 strings
Note: found 25 marked UTF-8 strings
Flavors: r-devel-linux-x86_64-fedora-clang, r-devel-linux-x86_64-fedora-gcc, r-release-macos-arm64, r-release-macos-x86_64, r-oldrel-macos-arm64, r-oldrel-macos-x86_64
Version: 0.2.6
Check: R code for possible problems
Result: NOTE
Initiating curl with CURL_SSL_BACKEND: openssl
Flavor: r-oldrel-windows-ix86+x86_64