CRAN Package Check Results for Package geotools

Last updated on 2025-02-04 03:49:49 CET.

Flavor Version Tinstall Tcheck Ttotal Status Flags
r-devel-linux-x86_64-debian-clang 0.1 1.93 18.29 20.22 NOTE
r-devel-linux-x86_64-debian-gcc 0.1 1.66 15.07 16.73 NOTE
r-devel-linux-x86_64-fedora-clang 0.1 34.09 NOTE
r-devel-linux-x86_64-fedora-gcc 0.1 29.77 NOTE
r-devel-windows-x86_64 0.1 3.00 36.00 39.00 NOTE
r-patched-linux-x86_64 0.1 1.87 17.33 19.20 NOTE
r-release-linux-x86_64 0.1 1.55 17.66 19.21 NOTE
r-release-macos-arm64 0.1 15.00 NOTE
r-release-macos-x86_64 0.1 20.00 NOTE
r-release-windows-x86_64 0.1 3.00 36.00 39.00 NOTE
r-oldrel-macos-arm64 0.1 15.00 NOTE
r-oldrel-macos-x86_64 0.1 20.00 NOTE
r-oldrel-windows-x86_64 0.1 3.00 36.00 39.00 NOTE

Check Details

Version: 0.1
Check: DESCRIPTION meta-information
Result: NOTE Malformed Description field: should contain one or more complete sentences. Flavors: r-devel-linux-x86_64-debian-clang, r-devel-linux-x86_64-debian-gcc, r-devel-linux-x86_64-fedora-clang, r-devel-linux-x86_64-fedora-gcc, r-devel-windows-x86_64, r-patched-linux-x86_64, r-release-linux-x86_64, r-release-macos-arm64, r-release-macos-x86_64, r-release-windows-x86_64, r-oldrel-macos-arm64, r-oldrel-macos-x86_64, r-oldrel-windows-x86_64

Version: 0.1
Check: R code for possible problems
Result: NOTE Found the following calls to data() loading into the global environment: File ‘geotools/R/zzz.R’: data(fr_geo_rad) See section ‘Good practice’ in ‘?data’. Flavors: r-devel-linux-x86_64-debian-clang, r-devel-linux-x86_64-debian-gcc, r-devel-linux-x86_64-fedora-clang, r-patched-linux-x86_64, r-release-linux-x86_64