CRAN Package Check Results for Package geosapi

Last updated on 2024-03-02 12:48:19 CET.

Flavor Version Tinstall Tcheck Ttotal Status Flags
r-devel-linux-x86_64-debian-clang 0.6-7 43.27 90.57 133.84 NOTE
r-devel-linux-x86_64-debian-gcc 0.7 32.59 63.14 95.73 OK
r-devel-linux-x86_64-fedora-clang 0.7 172.39 OK
r-devel-linux-x86_64-fedora-gcc 0.7 181.05 OK
r-devel-windows-x86_64 0.7 33.00 102.00 135.00 OK
r-patched-linux-x86_64 0.7 49.98 80.41 130.39 OK
r-release-linux-x86_64 0.7 28.11 81.74 109.85 OK
r-release-macos-arm64 0.6-7 61.00 OK
r-release-macos-x86_64 0.7 113.00 OK
r-release-windows-x86_64 0.7 38.00 122.00 160.00 OK
r-oldrel-macos-arm64 0.6-7 51.00 OK
r-oldrel-windows-x86_64 0.7 45.00 103.00 148.00 OK

Check Details

Version: 0.6-7
Check: Rd files
Result: NOTE checkRd: (-1) GSWorkspaceManager.Rd:131: Lost braces; missing escapes or markup? 131 | with the URI being "http://{workspaceName}. If the URI is specified, the method | ^ checkRd: (-1) GSWorkspaceManager.Rd:157: Lost braces; missing escapes or markup? 157 | with the URI being "http://{workspaceName}. If the URI is specified, the method | ^ Flavor: r-devel-linux-x86_64-debian-clang