CRAN Package Check Results for Package geometr

Last updated on 2020-05-28 12:48:40 CEST.

Flavor Version Tinstall Tcheck Ttotal Status Flags
r-devel-linux-x86_64-debian-clang 0.2.4 54.72 230.09 284.81 OK
r-devel-linux-x86_64-debian-gcc 0.2.4 45.10 173.32 218.42 OK
r-devel-linux-x86_64-fedora-clang 0.2.4 350.77 NOTE
r-devel-linux-x86_64-fedora-gcc 0.2.4 338.51 NOTE
r-devel-windows-ix86+x86_64 0.2.4 141.00 431.00 572.00 NOTE
r-patched-linux-x86_64 0.2.4 48.86 224.75 273.61 OK
r-patched-solaris-x86 0.2.4 439.50 NOTE
r-release-linux-x86_64 0.2.4 44.36 224.71 269.07 OK
r-release-osx-x86_64 0.2.4 NOTE
r-release-windows-ix86+x86_64 0.2.4 116.00 423.00 539.00 NOTE
r-oldrel-osx-x86_64 0.2.4 NOTE
r-oldrel-windows-ix86+x86_64 0.2.4 104.00 320.00 424.00 OK

Check Details

Version: 0.2.4
Check: dependencies in R code
Result: NOTE
    Namespace in Imports field not imported from: ‘readr’
     All declared Imports should be used.
Flavors: r-devel-linux-x86_64-fedora-clang, r-devel-linux-x86_64-fedora-gcc, r-patched-solaris-x86, r-release-osx-x86_64, r-oldrel-osx-x86_64

Version: 0.2.4
Check: installed package size
Result: NOTE
     installed size is 5.0Mb
     sub-directories of 1Mb or more:
     doc 1.9Mb
     libs 2.1Mb
Flavors: r-devel-windows-ix86+x86_64, r-release-windows-ix86+x86_64