CRAN Package Check Results for Package geocmeans

Last updated on 2021-11-28 12:53:05 CET.

Flavor Version Tinstall Tcheck Ttotal Status Flags
r-devel-linux-x86_64-debian-clang 0.2.0 OK
r-devel-linux-x86_64-debian-gcc 0.2.0 95.90 436.72 532.62 OK
r-devel-linux-x86_64-fedora-clang 0.2.0 948.35 NOTE
r-devel-linux-x86_64-fedora-gcc 0.2.0 832.41 NOTE
r-devel-windows-x86_64-new-UL 0.2.0 179.00 725.00 904.00 NOTE
r-devel-windows-x86_64-new-TK 0.2.0 NOTE
r-devel-windows-x86_64-old 0.2.0 146.00 630.00 776.00 NOTE
r-patched-linux-x86_64 0.2.0 120.26 622.99 743.25 OK
r-patched-solaris-x86 0.2.0 1162.20 NOTE
r-release-linux-x86_64 0.2.0 114.28 629.02 743.30 OK
r-release-macos-arm64 0.2.0 NOTE
r-release-macos-x86_64 0.2.0 NOTE
r-release-windows-ix86+x86_64 0.2.0 330.00 971.00 1301.00 NOTE
r-oldrel-macos-x86_64 0.2.0 NOTE
r-oldrel-windows-ix86+x86_64 0.2.0 327.00 1156.00 1483.00 NOTE

Check Details

Version: 0.2.0
Check: installed package size
Result: NOTE
     installed size is 8.9Mb
     sub-directories of 1Mb or more:
     data 2.3Mb
     doc 1.9Mb
     libs 3.5Mb
Flavors: r-devel-linux-x86_64-fedora-clang, r-devel-windows-x86_64-new-UL, r-devel-windows-x86_64-old, r-patched-solaris-x86, r-release-macos-arm64, r-release-macos-x86_64, r-release-windows-ix86+x86_64, r-oldrel-macos-x86_64, r-oldrel-windows-ix86+x86_64

Version: 0.2.0
Check: dependencies in R code
Result: NOTE
    Namespace in Imports field not imported from: ‘rgdal’
     All declared Imports should be used.
Flavors: r-devel-linux-x86_64-fedora-clang, r-devel-linux-x86_64-fedora-gcc, r-devel-windows-x86_64-new-TK, r-patched-solaris-x86, r-release-macos-arm64, r-release-macos-x86_64, r-oldrel-macos-x86_64