Last updated on 2025-02-22 12:50:31 CET.
Flavor | Version | Tinstall | Tcheck | Ttotal | Status | Flags |
---|---|---|---|---|---|---|
r-devel-linux-x86_64-debian-clang | 0.3.4 | 110.90 | 501.04 | 611.94 | OK | |
r-devel-linux-x86_64-debian-gcc | 0.3.4 | 78.82 | 333.42 | 412.24 | OK | |
r-devel-linux-x86_64-fedora-clang | 0.3.4 | 1046.61 | OK | |||
r-devel-linux-x86_64-fedora-gcc | 0.3.4 | 1034.46 | OK | |||
r-devel-macos-arm64 | 0.3.4 | 230.00 | OK | |||
r-devel-macos-x86_64 | 0.3.4 | 433.00 | OK | |||
r-devel-windows-x86_64 | 0.3.4 | 109.00 | 472.00 | 581.00 | OK | |
r-patched-linux-x86_64 | 0.3.4 | 109.59 | 456.56 | 566.15 | OK | |
r-release-linux-x86_64 | 0.3.4 | 106.01 | 459.64 | 565.65 | OK | |
r-release-macos-arm64 | 0.3.4 | 238.00 | NOTE | |||
r-release-macos-x86_64 | 0.3.4 | 355.00 | NOTE | |||
r-release-windows-x86_64 | 0.3.4 | 105.00 | 479.00 | 584.00 | NOTE | |
r-oldrel-macos-arm64 | 0.3.4 | 357.00 | NOTE | |||
r-oldrel-macos-x86_64 | 0.3.4 | 472.00 | NOTE | |||
r-oldrel-windows-x86_64 | 0.3.4 | 152.00 | 628.00 | 780.00 | NOTE |
Version: 0.3.4
Check: installed package size
Result: NOTE
installed size is 9.5Mb
sub-directories of 1Mb or more:
extdata 3.0Mb
libs 4.0Mb
Flavors: r-release-macos-arm64, r-release-macos-x86_64, r-release-windows-x86_64, r-oldrel-macos-arm64, r-oldrel-macos-x86_64, r-oldrel-windows-x86_64