Last updated on 2025-02-04 03:49:48 CET.
Flavor | Version | Tinstall | Tcheck | Ttotal | Status | Flags |
---|---|---|---|---|---|---|
r-devel-linux-x86_64-debian-clang | 0.1.7 | 11.22 | 29.52 | 40.74 | NOTE | |
r-devel-linux-x86_64-debian-gcc | 0.1.7 | 8.88 | 22.44 | 31.32 | NOTE | |
r-devel-linux-x86_64-fedora-clang | 0.1.7 | 67.27 | NOTE | |||
r-devel-linux-x86_64-fedora-gcc | 0.1.7 | 63.25 | NOTE | |||
r-devel-windows-x86_64 | 0.1.7 | 62.00 | 55.00 | 117.00 | NOTE | |
r-patched-linux-x86_64 | 0.1.7 | 10.13 | 28.11 | 38.24 | NOTE | |
r-release-linux-x86_64 | 0.1.7 | 10.39 | 27.78 | 38.17 | NOTE | |
r-release-macos-arm64 | 0.1.7 | 24.00 | NOTE | |||
r-release-macos-x86_64 | 0.1.7 | 38.00 | NOTE | |||
r-release-windows-x86_64 | 0.1.7 | 62.00 | 53.00 | 115.00 | NOTE | |
r-oldrel-macos-arm64 | 0.1.7 | 28.00 | OK | |||
r-oldrel-macos-x86_64 | 0.1.7 | 39.00 | OK | |||
r-oldrel-windows-x86_64 | 0.1.7 | 59.00 | 58.00 | 117.00 | OK |
Version: 0.1.7
Check: Rd files
Result: NOTE
checkRd: (-1) gensvm.grid.Rd:125: Lost braces
125 | "Kernels in GenSVM" in the code{ink{gensvm-package}} page for more info.}
| ^
checkRd: (-1) gensvm.grid.Rd:125: Lost braces
125 | "Kernels in GenSVM" in the code{ink{gensvm-package}} page for more info.}
| ^
checkRd: (-1) gensvm.grid.Rd:127: Lost braces
127 | GenSVM" in the code{ink{gensvm-package}} page for more info.}
| ^
checkRd: (-1) gensvm.grid.Rd:127: Lost braces
127 | GenSVM" in the code{ink{gensvm-package}} page for more info.}
| ^
checkRd: (-1) gensvm.grid.Rd:129: Lost braces
129 | section "Kernels in GenSVM" in the code{ink{gensvm-package}} page for more
| ^
checkRd: (-1) gensvm.grid.Rd:129: Lost braces
129 | section "Kernels in GenSVM" in the code{ink{gensvm-package}} page for more
| ^
Flavors: r-devel-linux-x86_64-debian-clang, r-devel-linux-x86_64-debian-gcc, r-devel-linux-x86_64-fedora-clang, r-devel-linux-x86_64-fedora-gcc, r-devel-windows-x86_64, r-patched-linux-x86_64, r-release-linux-x86_64, r-release-macos-arm64, r-release-macos-x86_64, r-release-windows-x86_64