CRAN Package Check Results for Package genset

Last updated on 2024-05-19 05:55:50 CEST.

Flavor Version Tinstall Tcheck Ttotal Status Flags
r-devel-linux-x86_64-debian-clang 0.1.0 2.16 188.53 190.69 NOTE
r-devel-linux-x86_64-debian-gcc 0.1.0 2.13 127.87 130.00 NOTE
r-devel-linux-x86_64-fedora-clang 0.1.0 220.62 NOTE
r-devel-linux-x86_64-fedora-gcc 0.1.0 228.32 NOTE
r-devel-windows-x86_64 0.1.0 2.00 120.00 122.00 NOTE
r-patched-linux-x86_64 0.1.0 2.89 170.70 173.59 NOTE
r-release-linux-x86_64 0.1.0 2.30 174.69 176.99 NOTE
r-release-macos-arm64 0.1.0 54.00 NOTE
r-release-windows-x86_64 0.1.0 4.00 126.00 130.00 NOTE
r-oldrel-macos-arm64 0.1.0 62.00 NOTE
r-oldrel-macos-x86_64 0.1.0 115.00 NOTE
r-oldrel-windows-x86_64 0.1.0 3.00 174.00 177.00 NOTE

Check Details

Version: 0.1.0
Check: LazyData
Result: NOTE 'LazyData' is specified without a 'data' directory Flavors: r-devel-linux-x86_64-debian-clang, r-devel-linux-x86_64-debian-gcc, r-devel-linux-x86_64-fedora-clang, r-devel-linux-x86_64-fedora-gcc, r-devel-windows-x86_64, r-patched-linux-x86_64, r-release-linux-x86_64, r-release-macos-arm64, r-release-windows-x86_64, r-oldrel-macos-arm64, r-oldrel-macos-x86_64, r-oldrel-windows-x86_64