CRAN Package Check Results for Package genomic.autocorr

Last updated on 2024-02-24 03:52:35 CET.

Flavor Version Tinstall Tcheck Ttotal Status Flags
r-devel-linux-x86_64-debian-clang 1.0-1 3.51 54.79 58.30 NOTE
r-devel-linux-x86_64-debian-gcc 1.0-1 2.59 41.27 43.86 NOTE
r-devel-linux-x86_64-fedora-clang 1.0-1 70.88 NOTE
r-devel-linux-x86_64-fedora-gcc 1.0-1 68.21 NOTE
r-devel-windows-x86_64 1.0-1 4.00 60.00 64.00 NOTE
r-patched-linux-x86_64 1.0-1 2.89 53.29 56.18 NOTE
r-release-linux-x86_64 1.0-1 3.18 52.92 56.10 NOTE
r-release-macos-arm64 1.0-1 24.00 NOTE
r-release-macos-x86_64 1.0-1 37.00 NOTE
r-release-windows-x86_64 1.0-1 4.00 69.00 73.00 NOTE
r-oldrel-macos-arm64 1.0-1 25.00 NOTE
r-oldrel-windows-x86_64 1.0-1 4.00 76.00 80.00 NOTE

Check Details

Version: 1.0-1
Check: LazyData
Result: NOTE 'LazyData' is specified without a 'data' directory Flavors: r-devel-linux-x86_64-debian-clang, r-devel-linux-x86_64-debian-gcc, r-devel-linux-x86_64-fedora-clang, r-devel-linux-x86_64-fedora-gcc, r-devel-windows-x86_64, r-patched-linux-x86_64, r-release-linux-x86_64, r-release-macos-arm64, r-release-macos-x86_64, r-release-windows-x86_64, r-oldrel-macos-arm64, r-oldrel-windows-x86_64