CRAN Package Check Results for Package genomic.autocorr

Last updated on 2023-03-31 21:53:03 CEST.

Flavor Version Tinstall Tcheck Ttotal Status Flags
r-devel-linux-x86_64-debian-clang 1.0-1 2.89 54.52 57.41 NOTE
r-devel-linux-x86_64-debian-gcc 1.0-1 2.58 40.29 42.87 NOTE
r-devel-linux-x86_64-fedora-clang 1.0-1 71.41 NOTE
r-devel-linux-x86_64-fedora-gcc 1.0-1 67.24 NOTE
r-devel-windows-x86_64 1.0-1 19.00 0.00 19.00 NOTE
r-patched-linux-x86_64 1.0-1 3.00 50.50 53.50 NOTE
r-release-linux-x86_64 1.0-1 2.09 52.64 54.73 NOTE
r-release-macos-arm64 1.0-1 20.00 NOTE
r-release-macos-x86_64 1.0-1 31.00 NOTE
r-release-windows-x86_64 1.0-1 20.00 88.00 108.00 NOTE
r-oldrel-macos-arm64 1.0-1 26.00 NOTE
r-oldrel-macos-x86_64 1.0-1 48.00 NOTE
r-oldrel-windows-ix86+x86_64 1.0-1 8.00 130.00 138.00 NOTE

Check Details

Version: 1.0-1
Check: LazyData
Result: NOTE
     'LazyData' is specified without a 'data' directory
Flavors: r-devel-linux-x86_64-debian-clang, r-devel-linux-x86_64-debian-gcc, r-devel-linux-x86_64-fedora-clang, r-devel-linux-x86_64-fedora-gcc, r-devel-windows-x86_64, r-patched-linux-x86_64, r-release-linux-x86_64, r-release-macos-arm64, r-release-macos-x86_64, r-release-windows-x86_64, r-oldrel-macos-arm64, r-oldrel-macos-x86_64, r-oldrel-windows-ix86+x86_64