Last updated on 2023-03-30 21:49:53 CEST.
Flavor | Version | Tinstall | Tcheck | Ttotal | Status | Flags |
---|---|---|---|---|---|---|
r-devel-linux-x86_64-debian-clang | 1.0.5 | 83.01 | 30.77 | 113.78 | NOTE | |
r-devel-linux-x86_64-debian-gcc | 1.0.5 | 54.69 | 25.68 | 80.37 | NOTE | |
r-devel-linux-x86_64-fedora-clang | 1.0.5 | 171.06 | NOTE | |||
r-devel-linux-x86_64-fedora-gcc | 1.0.5 | 134.38 | NOTE | |||
r-devel-windows-x86_64 | 1.0.5 | 72.00 | 0.00 | 72.00 | NOTE | |
r-patched-linux-x86_64 | 1.0.5 | 60.17 | 30.14 | 90.31 | NOTE | |
r-release-linux-x86_64 | 1.0.5 | 64.05 | 32.47 | 96.52 | OK | |
r-release-macos-arm64 | 1.0.5 | 42.00 | OK | |||
r-release-macos-x86_64 | 1.0.5 | 51.00 | OK | |||
r-release-windows-x86_64 | 1.0.5 | 60.00 | 95.00 | 155.00 | OK | |
r-oldrel-macos-arm64 | 1.0.5 | 46.00 | OK | |||
r-oldrel-macos-x86_64 | 1.0.5 | 71.00 | OK | |||
r-oldrel-windows-ix86+x86_64 | 1.0.5 | 179.00 | 164.00 | 343.00 | OK |
Version: 1.0.5
Check: C++ specification
Result: NOTE
Specified C++11: please drop specification unless essential
Flavors: r-devel-linux-x86_64-debian-clang, r-devel-linux-x86_64-debian-gcc, r-devel-linux-x86_64-fedora-clang, r-devel-linux-x86_64-fedora-gcc, r-devel-windows-x86_64, r-patched-linux-x86_64