Last updated on 2024-04-18 03:51:56 CEST.
Flavor | Version | Tinstall | Tcheck | Ttotal | Status | Flags |
---|---|---|---|---|---|---|
r-devel-linux-x86_64-debian-clang | 0.1.3 | 2.41 | 45.25 | 47.66 | OK | |
r-devel-linux-x86_64-debian-gcc | 0.1.3 | 1.36 | 33.15 | 34.51 | OK | |
r-devel-linux-x86_64-fedora-clang | 0.1.3 | 58.31 | OK | |||
r-devel-linux-x86_64-fedora-gcc | 0.1.3 | 55.94 | OK | |||
r-prerel-macos-arm64 | 0.1.3 | 28.00 | OK | |||
r-prerel-macos-x86_64 | 0.1.3 | 33.00 | ERROR | |||
r-prerel-windows-x86_64 | 0.1.3 | 6.00 | 57.00 | 63.00 | OK | |
r-patched-linux-x86_64 | 0.1.3 | 2.50 | 43.00 | 45.50 | OK | |
r-release-linux-x86_64 | 0.1.3 | 1.93 | 40.75 | 42.68 | OK | |
r-release-macos-arm64 | 0.1.3 | 33.00 | OK | |||
r-release-macos-x86_64 | 0.1.3 | 33.00 | OK | |||
r-release-windows-x86_64 | 0.1.3 | 5.00 | 59.00 | 64.00 | OK | |
r-oldrel-macos-arm64 | 0.1.3 | 32.00 | OK | |||
r-oldrel-windows-x86_64 | 0.1.3 | 6.00 | 60.00 | 66.00 | OK |
Version: 0.1.3
Check: package dependencies
Result: NOTE
Packages suggested but not available for checking:
'covr', 'pkgload', 'testthat', 'tibble', 'withr'
Flavor: r-prerel-macos-x86_64
Version: 0.1.3
Check: Rd cross-references
Result: NOTE
Package unavailable to check Rd xrefs: ‘tibble’
Flavor: r-prerel-macos-x86_64
Version: 0.1.3
Check: tests
Result: ERROR
Running ‘testthat.R’ [0s/0s]
Running the tests in ‘tests/testthat.R’ failed.
Complete output:
> library(testthat)
Error in library(testthat) : there is no package called 'testthat'
Execution halted
Flavor: r-prerel-macos-x86_64