Last updated on 2025-02-22 12:50:30 CET.
Flavor | Version | Tinstall | Tcheck | Ttotal | Status | Flags |
---|---|---|---|---|---|---|
r-devel-linux-x86_64-debian-clang | 1.2.4 | 0.59 | 1.94 | 2.53 | ERROR | |
r-devel-linux-x86_64-debian-gcc | 1.2.4 | 40.93 | 320.24 | 361.17 | OK | |
r-devel-linux-x86_64-fedora-clang | 1.2.4 | 847.97 | OK | |||
r-devel-linux-x86_64-fedora-gcc | 1.2.4 | 805.88 | OK | |||
r-devel-macos-arm64 | 1.2.4 | 161.00 | OK | |||
r-devel-macos-x86_64 | 1.2.4 | 413.00 | OK | |||
r-devel-windows-x86_64 | 1.2.4 | 51.00 | 375.00 | 426.00 | OK | |
r-patched-linux-x86_64 | 1.2.4 | 49.98 | 394.60 | 444.58 | OK | |
r-release-linux-x86_64 | 1.2.4 | 49.47 | 389.65 | 439.12 | OK | |
r-release-macos-arm64 | 1.2.4 | 193.00 | OK | |||
r-release-macos-x86_64 | 1.2.4 | 274.00 | OK | |||
r-release-windows-x86_64 | 1.2.4 | 54.00 | 377.00 | 431.00 | OK | |
r-oldrel-macos-arm64 | 1.2.4 | 179.00 | OK | |||
r-oldrel-macos-x86_64 | 1.2.4 | 228.00 | OK | |||
r-oldrel-windows-x86_64 | 1.2.4 | 71.00 | 503.00 | 574.00 | OK |
Version: 1.2.4
Check: package dependencies
Result: ERROR
Package required but not available: ‘rtracklayer’
See section ‘The DESCRIPTION file’ in the ‘Writing R Extensions’
manual.
Flavor: r-devel-linux-x86_64-debian-clang