Last updated on 2024-04-23 21:54:45 CEST.
Flavor | Version | Tinstall | Tcheck | Ttotal | Status | Flags |
---|---|---|---|---|---|---|
r-devel-linux-x86_64-debian-clang | 1.2.7 | 8.71 | 286.95 | 295.66 | OK | |
r-devel-linux-x86_64-debian-gcc | 1.2.7 | 9.54 | 256.35 | 265.89 | OK | |
r-devel-linux-x86_64-fedora-clang | 1.2.7 | 406.20 | NOTE | |||
r-devel-linux-x86_64-fedora-gcc | 1.2.7 | 440.87 | OK | |||
r-prerel-macos-arm64 | 1.2.7 | 128.00 | OK | |||
r-prerel-macos-x86_64 | 1.2.7 | 248.00 | OK | |||
r-prerel-windows-x86_64 | 1.2.7 | 10.00 | 372.00 | 382.00 | OK | |
r-patched-linux-x86_64 | 1.2.7 | 7.02 | 306.46 | 313.48 | OK | |
r-release-linux-x86_64 | 1.2.7 | 10.12 | 303.37 | 313.49 | OK | |
r-release-macos-arm64 | 1.2.7 | 139.00 | OK | |||
r-release-macos-x86_64 | 1.2.7 | 237.00 | OK | |||
r-release-windows-x86_64 | 1.2.7 | 14.00 | 422.00 | 436.00 | OK | |
r-oldrel-macos-arm64 | 1.2.7 | 131.00 | OK | |||
r-oldrel-windows-x86_64 | 1.2.7 | 16.00 | 401.00 | 417.00 | OK |
Version: 1.2.7
Check: package dependencies
Result: NOTE
Imports includes 21 non-default packages.
Importing from so many packages makes the package vulnerable to any of
them becoming unavailable. Move as many as possible to Suggests and
use conditionally.
Flavor: r-devel-linux-x86_64-fedora-clang