Last updated on 2024-04-26 11:52:38 CEST.
Flavor | Version | Tinstall | Tcheck | Ttotal | Status | Flags |
---|---|---|---|---|---|---|
r-devel-linux-x86_64-debian-clang | 1.0.1 | 7.10 | 45.76 | 52.86 | NOTE | |
r-devel-linux-x86_64-debian-gcc | 1.0.1 | 4.96 | 35.14 | 40.10 | NOTE | |
r-devel-linux-x86_64-fedora-clang | 1.0.1 | 66.20 | NOTE | |||
r-devel-linux-x86_64-fedora-gcc | 1.0.1 | 62.10 | NOTE | |||
r-devel-windows-x86_64 | 1.0.1 | 7.00 | 56.00 | 63.00 | NOTE | |
r-patched-linux-x86_64 | 1.0.1 | 3.73 | 43.97 | 47.70 | NOTE | |
r-release-linux-x86_64 | 1.0.1 | 4.81 | 44.04 | 48.85 | NOTE | |
r-release-macos-arm64 | 1.0.1 | 24.00 | NOTE | |||
r-release-windows-x86_64 | 1.0.1 | 6.00 | 56.00 | 62.00 | NOTE | |
r-oldrel-macos-arm64 | 1.0.1 | 27.00 | NOTE | |||
r-oldrel-macos-x86_64 | 1.0.1 | 35.00 | NOTE | |||
r-oldrel-windows-x86_64 | 1.0.1 | 9.00 | 62.00 | 71.00 | NOTE |
Version: 1.0.1
Check: LazyData
Result: NOTE
'LazyData' is specified without a 'data' directory
Flavors: r-devel-linux-x86_64-debian-clang, r-devel-linux-x86_64-debian-gcc, r-devel-linux-x86_64-fedora-clang, r-devel-linux-x86_64-fedora-gcc, r-devel-windows-x86_64, r-patched-linux-x86_64, r-release-linux-x86_64, r-release-macos-arm64, r-release-windows-x86_64, r-oldrel-macos-arm64, r-oldrel-macos-x86_64, r-oldrel-windows-x86_64
Version: 1.0.1
Check: dependencies in R code
Result: NOTE
Namespaces in Imports field not imported from:
‘ggplot2’ ‘pracma’ ‘rlang’
All declared Imports should be used.
Flavors: r-devel-linux-x86_64-fedora-clang, r-devel-linux-x86_64-fedora-gcc