CRAN Package Check Results for Package gen2stage

Last updated on 2023-09-26 12:07:28 CEST.

Flavor Version Tinstall Tcheck Ttotal Status Flags
r-devel-linux-x86_64-debian-clang 1.0 1.65 24.61 26.26 NOTE
r-devel-linux-x86_64-debian-gcc 1.0 1.66 19.46 21.12 NOTE
r-devel-linux-x86_64-fedora-clang 1.0 33.96 NOTE
r-devel-linux-x86_64-fedora-gcc 1.0 32.97 NOTE
r-devel-windows-x86_64 1.0 3.00 49.00 52.00 NOTE
r-patched-linux-x86_64 1.0 2.33 24.45 26.78 NOTE
r-release-linux-x86_64 1.0 2.24 24.51 26.75 NOTE
r-release-macos-arm64 1.0 18.00 NOTE
r-release-macos-x86_64 1.0 23.00 NOTE
r-release-windows-x86_64 1.0 3.00 47.00 50.00 NOTE
r-oldrel-macos-arm64 1.0 18.00 NOTE
r-oldrel-macos-x86_64 1.0 23.00 NOTE
r-oldrel-windows-x86_64 1.0 4.00 50.00 54.00 NOTE

Check Details

Version: 1.0
Check: LazyData
Result: NOTE
     'LazyData' is specified without a 'data' directory
Flavors: r-devel-linux-x86_64-debian-clang, r-devel-linux-x86_64-debian-gcc, r-devel-linux-x86_64-fedora-clang, r-devel-linux-x86_64-fedora-gcc, r-devel-windows-x86_64, r-patched-linux-x86_64, r-release-linux-x86_64, r-release-macos-arm64, r-release-macos-x86_64, r-release-windows-x86_64, r-oldrel-macos-arm64, r-oldrel-macos-x86_64, r-oldrel-windows-x86_64