CRAN Package Check Results for Package geepack

Last updated on 2020-07-15 06:48:03 CEST.

Flavor Version Tinstall Tcheck Ttotal Status Flags
r-devel-linux-x86_64-debian-clang 1.3-1 44.62 58.90 103.52 OK
r-devel-linux-x86_64-debian-gcc 1.3-1 25.38 44.81 70.19 OK
r-devel-linux-x86_64-fedora-clang 1.3-1 148.51 OK
r-devel-linux-x86_64-fedora-gcc 1.3-1 116.07 OK
r-devel-windows-ix86+x86_64 1.3-1 59.00 154.00 213.00 OK
r-patched-linux-x86_64 1.3-1 26.81 57.39 84.20 OK
r-patched-solaris-x86 1.3-1 145.00 OK
r-release-linux-x86_64 1.3-1 25.82 57.09 82.91 OK
r-release-macos-x86_64 1.3-1 ERROR
r-release-windows-ix86+x86_64 1.3-1 78.00 165.00 243.00 OK
r-oldrel-macos-x86_64 1.3-1 OK
r-oldrel-windows-ix86+x86_64 1.3-1 62.00 160.00 222.00 OK

Additional issues

rchk

Check Details

Version: 1.3-1
Check: whether package can be installed
Result: ERROR
    Installation failed.
Flavor: r-release-macos-x86_64