CRAN Package Check Results for Package geeasy

Last updated on 2024-07-19 06:50:15 CEST.

Flavor Version Tinstall Tcheck Ttotal Status Flags
r-devel-linux-x86_64-debian-clang 0.1.2 13.35 120.09 133.44 OK
r-devel-linux-x86_64-debian-gcc 0.1.2 10.90 90.86 101.76 OK
r-devel-linux-x86_64-fedora-clang 0.1.2 170.41 OK
r-devel-linux-x86_64-fedora-gcc 0.1.2 157.69 OK
r-devel-windows-x86_64 0.1.2 13.00 97.00 110.00 NOTE
r-patched-linux-x86_64 0.1.2 22.28 115.98 138.26 OK
r-release-linux-x86_64 0.1.2 14.76 113.61 128.37 OK
r-release-macos-arm64 0.1.2 46.00 OK
r-release-macos-x86_64 0.1.2 68.00 OK
r-release-windows-x86_64 0.1.2 13.00 97.00 110.00 OK
r-oldrel-macos-arm64 0.1.2 51.00 OK
r-oldrel-macos-x86_64 0.1.2 128.00 OK
r-oldrel-windows-x86_64 0.1.2 18.00 121.00 139.00 OK

Check Details

Version: 0.1.2
Check: Rd cross-references
Result: NOTE Found the following Rd file(s) with Rd \link{} targets missing package anchors: geelm.Rd: geese Please provide package anchors for all Rd \link{} targets not in the package itself and the base packages. Flavor: r-devel-windows-x86_64