Last updated on 2024-05-21 12:52:51 CEST.
Flavor | Version | Tinstall | Tcheck | Ttotal | Status | Flags |
---|---|---|---|---|---|---|
r-devel-linux-x86_64-debian-clang | 0.1.0 | 57.98 | 91.87 | 149.85 | OK | |
r-devel-linux-x86_64-debian-gcc | 0.1.0 | 45.10 | 70.33 | 115.43 | OK | |
r-devel-linux-x86_64-fedora-clang | 0.1.0 | 185.38 | OK | |||
r-devel-linux-x86_64-fedora-gcc | 0.1.0 | 202.72 | OK | |||
r-devel-windows-x86_64 | 0.1.0 | 46.00 | 101.00 | 147.00 | OK | |
r-patched-linux-x86_64 | 0.1.0 | 64.99 | 90.81 | 155.80 | OK | |
r-release-linux-x86_64 | 0.1.0 | 61.69 | 89.36 | 151.05 | OK | |
r-release-macos-arm64 | 0.1.0 | 48.00 | NOTE | |||
r-release-macos-x86_64 | 0.1.0 | 115.00 | NOTE | |||
r-release-windows-x86_64 | 0.1.0 | 45.00 | 102.00 | 147.00 | OK | |
r-oldrel-macos-arm64 | 0.1.0 | 59.00 | NOTE | |||
r-oldrel-macos-x86_64 | 0.1.0 | 112.00 | NOTE | |||
r-oldrel-windows-x86_64 | 0.1.0 | 56.00 | 116.00 | 172.00 | OK |
Version: 0.1.0
Check: installed package size
Result: NOTE
installed size is 17.7Mb
sub-directories of 1Mb or more:
libs 17.5Mb
Flavors: r-release-macos-arm64, r-release-macos-x86_64, r-oldrel-macos-arm64, r-oldrel-macos-x86_64