CRAN Package Check Results for Package gdxdt

Last updated on 2024-04-15 11:56:23 CEST.

Flavor Version Tinstall Tcheck Ttotal Status Flags
r-devel-linux-x86_64-debian-clang 0.1.0 2.45 29.53 31.98 NOTE
r-devel-linux-x86_64-debian-gcc 0.1.0 1.80 23.15 24.95 NOTE
r-devel-linux-x86_64-fedora-clang 0.1.0 42.78 NOTE
r-devel-linux-x86_64-fedora-gcc 0.1.0 41.03 NOTE
r-prerel-macos-arm64 0.1.0 18.00 NOTE
r-prerel-windows-x86_64 0.1.0 4.00 50.00 54.00 NOTE
r-patched-linux-x86_64 0.1.0 1.94 28.70 30.64 NOTE
r-release-linux-x86_64 0.1.0 2.52 29.31 31.83 NOTE
r-release-macos-arm64 0.1.0 18.00 NOTE
r-release-macos-x86_64 0.1.0 24.00 NOTE
r-release-windows-x86_64 0.1.0 3.00 48.00 51.00 NOTE
r-oldrel-macos-arm64 0.1.0 19.00 NOTE
r-oldrel-windows-x86_64 0.1.0 4.00 51.00 55.00 NOTE

Check Details

Version: 0.1.0
Check: package dependencies
Result: NOTE Package suggested but not available for checking: ‘gdxrrw’ Flavors: r-devel-linux-x86_64-debian-clang, r-devel-linux-x86_64-debian-gcc, r-devel-linux-x86_64-fedora-clang, r-devel-linux-x86_64-fedora-gcc, r-prerel-macos-arm64, r-prerel-windows-x86_64, r-patched-linux-x86_64, r-release-linux-x86_64, r-release-macos-arm64, r-release-macos-x86_64, r-release-windows-x86_64, r-oldrel-macos-arm64, r-oldrel-windows-x86_64

Version: 0.1.0
Check: LazyData
Result: NOTE 'LazyData' is specified without a 'data' directory Flavors: r-devel-linux-x86_64-debian-clang, r-devel-linux-x86_64-debian-gcc, r-devel-linux-x86_64-fedora-clang, r-devel-linux-x86_64-fedora-gcc, r-prerel-macos-arm64, r-prerel-windows-x86_64, r-patched-linux-x86_64, r-release-linux-x86_64, r-release-macos-arm64, r-release-macos-x86_64, r-release-windows-x86_64, r-oldrel-macos-arm64, r-oldrel-windows-x86_64