CRAN Package Check Results for Package gdtools

Last updated on 2020-07-08 06:47:48 CEST.

Flavor Version Tinstall Tcheck Ttotal Status Flags
r-devel-linux-x86_64-debian-clang 0.2.2 49.73 27.56 77.29 OK
r-devel-linux-x86_64-debian-gcc 0.2.2 38.12 21.56 59.68 OK
r-devel-linux-x86_64-fedora-clang 0.2.2 120.41 OK
r-devel-linux-x86_64-fedora-gcc 0.2.2 97.58 OK
r-devel-windows-ix86+x86_64 0.2.2 95.00 88.00 183.00 NOTE
r-patched-linux-x86_64 0.2.2 38.43 27.15 65.58 OK
r-patched-solaris-x86 0.2.2 96.60 OK
r-release-linux-x86_64 0.2.2 36.40 27.15 63.55 OK
r-release-osx-x86_64 0.2.2 OK
r-release-windows-ix86+x86_64 0.2.2 106.00 82.00 188.00 NOTE
r-oldrel-osx-x86_64 0.2.2 OK
r-oldrel-windows-ix86+x86_64 0.2.2 109.00 107.00 216.00 NOTE

Check Details

Version: 0.2.2
Check: installed package size
Result: NOTE
     installed size is 8.2Mb
     sub-directories of 1Mb or more:
     libs 8.1Mb
Flavors: r-devel-windows-ix86+x86_64, r-release-windows-ix86+x86_64, r-oldrel-windows-ix86+x86_64