Last updated on 2024-03-28 12:50:34 CET.
Flavor | Version | Tinstall | Tcheck | Ttotal | Status | Flags |
---|---|---|---|---|---|---|
r-devel-linux-x86_64-debian-clang | 0.3.7 | 64.75 | 47.21 | 111.96 | OK | |
r-devel-linux-x86_64-debian-gcc | 0.3.7 | 43.33 | 36.98 | 80.31 | OK | |
r-devel-linux-x86_64-fedora-clang | 0.3.7 | 157.30 | OK | |||
r-devel-linux-x86_64-fedora-gcc | 0.3.7 | 152.21 | OK | |||
r-devel-windows-x86_64 | 0.3.7 | 60.00 | 114.00 | 174.00 | OK | |
r-patched-linux-x86_64 | 0.3.7 | 54.07 | 47.13 | 101.20 | OK | |
r-release-linux-x86_64 | 0.3.7 | 49.09 | 46.03 | 95.12 | OK | |
r-release-macos-arm64 | 0.3.7 | 46.00 | OK | |||
r-release-macos-x86_64 | 0.3.7 | 67.00 | NOTE | |||
r-release-windows-x86_64 | 0.3.7 | 75.00 | 125.00 | 200.00 | OK | |
r-oldrel-macos-arm64 | 0.3.7 | 45.00 | OK | |||
r-oldrel-windows-x86_64 | 0.3.7 | 63.00 | 105.00 | 168.00 | OK |
Version: 0.3.7
Check: installed package size
Result: NOTE
installed size is 5.2Mb
sub-directories of 1Mb or more:
libs 5.0Mb
Flavor: r-release-macos-x86_64