Last updated on 2024-04-24 06:19:15 CEST.
Flavor | Version | Tinstall | Tcheck | Ttotal | Status | Flags |
---|---|---|---|---|---|---|
r-devel-linux-x86_64-debian-clang | 0.7.0 | 441.83 | 176.22 | 618.05 | OK | |
r-devel-linux-x86_64-debian-gcc | 0.7.0 | 382.46 | 128.61 | 511.07 | OK | |
r-devel-linux-x86_64-fedora-clang | 0.7.0 | 796.60 | NOTE | |||
r-devel-linux-x86_64-fedora-gcc | 0.7.0 | 959.89 | OK | |||
r-prerel-macos-arm64 | 0.7.0 | 204.00 | NOTE | |||
r-prerel-macos-x86_64 | 0.7.0 | 390.00 | NOTE | |||
r-prerel-windows-x86_64 | 0.7.0 | 343.00 | 746.00 | 1089.00 | NOTE | |
r-patched-linux-x86_64 | 0.7.0 | 440.48 | 165.40 | 605.88 | OK | |
r-release-linux-x86_64 | 0.7.0 | 465.05 | 163.19 | 628.24 | OK | |
r-release-macos-arm64 | 0.7.0 | 263.00 | NOTE | |||
r-release-macos-x86_64 | 0.7.0 | 392.00 | NOTE | |||
r-release-windows-x86_64 | 0.7.0 | 332.00 | 896.00 | 1228.00 | NOTE | |
r-oldrel-macos-arm64 | 0.7.0 | 252.00 | NOTE | |||
r-oldrel-windows-x86_64 | 0.7.0 | 429.00 | 722.00 | 1151.00 | NOTE |
Version: 0.7.0
Check: installed package size
Result: NOTE
installed size is 7.2Mb
sub-directories of 1Mb or more:
L8NY18 2.3Mb
libs 3.6Mb
Flavors: r-devel-linux-x86_64-fedora-clang, r-prerel-macos-arm64, r-prerel-macos-x86_64, r-prerel-windows-x86_64, r-release-macos-arm64, r-release-macos-x86_64, r-release-windows-x86_64, r-oldrel-macos-arm64, r-oldrel-windows-x86_64