Last updated on 2023-12-09 02:48:35 CET.
Flavor | Version | Tinstall | Tcheck | Ttotal | Status | Flags |
---|---|---|---|---|---|---|
r-devel-linux-x86_64-debian-clang | 1.2.5 | 4.99 | 58.22 | 63.21 | NOTE | |
r-devel-linux-x86_64-debian-gcc | 1.2.5 | 3.99 | 44.21 | 48.20 | NOTE | |
r-devel-linux-x86_64-fedora-clang | 1.2.5 | 80.53 | OK | |||
r-devel-linux-x86_64-fedora-gcc | 1.2.5 | 72.45 | OK | |||
r-devel-windows-x86_64 | 1.2.5 | 7.00 | 62.00 | 69.00 | OK | |
r-patched-linux-x86_64 | 1.2.5 | 5.36 | 56.17 | 61.53 | OK | |
r-release-linux-x86_64 | 1.2.5 | 5.13 | 54.86 | 59.99 | OK | |
r-release-macos-arm64 | 1.2.5 | 27.00 | OK | |||
r-release-macos-x86_64 | 1.2.5 | 54.00 | OK | |||
r-release-windows-x86_64 | 1.2.5 | 8.00 | 70.00 | 78.00 | OK | |
r-oldrel-macos-arm64 | 1.2.5 | 29.00 | OK | |||
r-oldrel-macos-x86_64 | 1.2.5 | 43.00 | OK | |||
r-oldrel-windows-x86_64 | 1.2.5 | 9.00 | 72.00 | 81.00 | OK |
Version: 1.2.5
Check: Rd files
Result: NOTE
checkRd: (-1) nearblack.Rd:30: Lost braces
30 | code{infile=}, indicating that the input file should be
| ^
Flavors: r-devel-linux-x86_64-debian-clang, r-devel-linux-x86_64-debian-gcc