Last updated on 2025-02-01 21:49:13 CET.
Flavor | Version | Tinstall | Tcheck | Ttotal | Status | Flags |
---|---|---|---|---|---|---|
r-devel-linux-x86_64-debian-clang | 2.0 | 2.65 | 17.44 | 20.09 | NOTE | |
r-devel-linux-x86_64-debian-gcc | 2.0 | 1.97 | 14.16 | 16.13 | NOTE | |
r-devel-linux-x86_64-fedora-clang | 2.0 | 32.93 | OK | |||
r-devel-linux-x86_64-fedora-gcc | 2.0 | 30.36 | OK | |||
r-devel-windows-x86_64 | 2.0 | 4.00 | 42.00 | 46.00 | NOTE | |
r-patched-linux-x86_64 | 2.0 | 2.73 | 16.28 | 19.01 | OK | |
r-release-linux-x86_64 | 2.0 | 2.33 | 16.46 | 18.79 | OK | |
r-release-macos-arm64 | 2.0 | 15.00 | OK | |||
r-release-macos-x86_64 | 2.0 | 22.00 | OK | |||
r-release-windows-x86_64 | 2.0 | 4.00 | 44.00 | 48.00 | OK | |
r-oldrel-macos-arm64 | 2.0 | 18.00 | OK | |||
r-oldrel-macos-x86_64 | 2.0 | 21.00 | OK | |||
r-oldrel-windows-x86_64 | 2.0 | 5.00 | 38.00 | 43.00 | OK |
Version: 2.0
Check: Rd cross-references
Result: NOTE
Found the following Rd file(s) with Rd \link{} targets missing package
anchors:
cabbage_exp.Rd: cabbages
Please provide package anchors for all Rd \link{} targets not in the
package itself and the base packages.
Flavors: r-devel-linux-x86_64-debian-clang, r-devel-linux-x86_64-debian-gcc, r-devel-windows-x86_64