Last updated on 2024-04-23 12:49:28 CEST.
Flavor | Version | Tinstall | Tcheck | Ttotal | Status | Flags |
---|---|---|---|---|---|---|
r-devel-linux-x86_64-debian-clang | 0.3.2 | 6.80 | 44.73 | 51.53 | NOTE | |
r-devel-linux-x86_64-debian-gcc | 0.3.2 | 5.75 | 32.34 | 38.09 | NOTE | |
r-devel-linux-x86_64-fedora-clang | 0.3.2 | 62.67 | NOTE | |||
r-devel-linux-x86_64-fedora-gcc | 0.3.2 | 62.73 | NOTE | |||
r-prerel-macos-arm64 | 0.3.2 | 19.00 | NOTE | |||
r-prerel-windows-x86_64 | 0.3.2 | 7.00 | 52.00 | 59.00 | NOTE | |
r-patched-linux-x86_64 | 0.3.2 | 8.15 | 41.48 | 49.63 | NOTE | |
r-release-linux-x86_64 | 0.3.2 | 7.74 | 39.61 | 47.35 | OK | |
r-release-macos-arm64 | 0.3.2 | 20.00 | OK | |||
r-release-macos-x86_64 | 0.3.2 | 29.00 | OK | |||
r-release-windows-x86_64 | 0.3.2 | 8.00 | 54.00 | 62.00 | OK | |
r-oldrel-macos-arm64 | 0.3.2 | 19.00 | OK | |||
r-oldrel-windows-x86_64 | 0.3.2 | 9.00 | 57.00 | 66.00 | OK |
Version: 0.3.2
Check: Rd files
Result: NOTE
checkRd: (-1) gconsensus.Rd:48-54: Lost braces
48 | {\code{display.signif.digits} an integer representing the number of significant digits to be obtained in the adaptative approach of the Monte Carlo simulation,
| ^
Flavors: r-devel-linux-x86_64-debian-clang, r-devel-linux-x86_64-debian-gcc, r-devel-linux-x86_64-fedora-clang, r-devel-linux-x86_64-fedora-gcc, r-prerel-macos-arm64, r-prerel-windows-x86_64, r-patched-linux-x86_64