Last updated on 2023-09-29 12:56:58 CEST.
Flavor | Version | Tinstall | Tcheck | Ttotal | Status | Flags |
---|---|---|---|---|---|---|
r-devel-linux-x86_64-debian-clang | 0.2.6 | 12.12 | 86.77 | 98.89 | NOTE | --no-vignettes |
r-devel-linux-x86_64-debian-gcc | 0.2.6 | 9.24 | 67.16 | 76.40 | NOTE | --no-vignettes |
r-devel-linux-x86_64-fedora-clang | 0.2.6 | 119.02 | NOTE | --no-vignettes | ||
r-devel-linux-x86_64-fedora-gcc | 0.2.6 | 119.57 | NOTE | --no-vignettes | ||
r-patched-linux-x86_64 | 0.2.6 | 10.76 | 85.45 | 96.21 | NOTE | --no-vignettes |
r-release-linux-x86_64 | 0.2.6 | 10.81 | 85.69 | 96.50 | NOTE | --no-vignettes |
r-release-macos-arm64 | 0.2.6 | 46.00 | NOTE | |||
r-release-macos-x86_64 | 0.2.6 | 77.00 | NOTE | |||
r-oldrel-macos-arm64 | 0.2.6 | 35.00 | NOTE | |||
r-oldrel-macos-x86_64 | 0.2.6 | 52.00 | NOTE |
Version: 0.2.6
Flags: --no-vignettes
Check: package dependencies
Result: NOTE
Package suggested but not available for checking: ‘gputools’
Flavors: r-devel-linux-x86_64-debian-clang, r-devel-linux-x86_64-debian-gcc, r-devel-linux-x86_64-fedora-clang, r-devel-linux-x86_64-fedora-gcc, r-patched-linux-x86_64, r-release-linux-x86_64
Version: 0.2.6
Check: package dependencies
Result: NOTE
Package suggested but not available for checking: ‘gputools’
Flavors: r-release-macos-arm64, r-release-macos-x86_64, r-oldrel-macos-arm64, r-oldrel-macos-x86_64
Version: 0.2.6
Check: re-building of vignette outputs
Result: NOTE
Error(s) in re-building vignettes:
...
--- re-building ‘gcbd.Rnw’ using Sweave
Warning in packageDescription("gputools") :
no package 'gputools' was found
Error: processing vignette 'gcbd.Rnw' failed with diagnostics:
at gcbd.Rnw:860, subscript out of bounds
--- failed re-building ‘gcbd.Rnw’
SUMMARY: processing the following file failed:
‘gcbd.Rnw’
Error: Vignette re-building failed.
Execution halted
Flavors: r-release-macos-arm64, r-release-macos-x86_64, r-oldrel-macos-arm64, r-oldrel-macos-x86_64