Last updated on 2024-04-19 21:56:29 CEST.
Flavor | Version | Tinstall | Tcheck | Ttotal | Status | Flags |
---|---|---|---|---|---|---|
r-devel-linux-x86_64-debian-clang | 1.0 | 2.57 | 34.87 | 37.44 | NOTE | |
r-devel-linux-x86_64-debian-gcc | 1.0 | NOTE | ||||
r-devel-linux-x86_64-fedora-clang | 1.0 | 47.59 | NOTE | |||
r-devel-linux-x86_64-fedora-gcc | 1.0 | 47.34 | NOTE | |||
r-prerel-macos-arm64 | 1.0 | 20.00 | NOTE | |||
r-prerel-windows-x86_64 | 1.0 | 3.00 | 53.00 | 56.00 | NOTE | |
r-patched-linux-x86_64 | 1.0 | 2.77 | 34.41 | 37.18 | NOTE | |
r-release-linux-x86_64 | 1.0 | 2.39 | 32.40 | 34.79 | NOTE | |
r-release-macos-arm64 | 1.0 | 21.00 | NOTE | |||
r-release-macos-x86_64 | 1.0 | 30.00 | NOTE | |||
r-release-windows-x86_64 | 1.0 | 3.00 | 52.00 | 55.00 | NOTE | |
r-oldrel-macos-arm64 | 1.0 | 21.00 | OK | |||
r-oldrel-windows-x86_64 | 1.0 | 4.00 | 56.00 | 60.00 | OK |
Version: 1.0
Check: Rd files
Result: NOTE
checkRd: (-1) estprops.Rd:40: Escaped LaTeX specials: \&
Flavors: r-devel-linux-x86_64-debian-clang, r-devel-linux-x86_64-debian-gcc, r-devel-linux-x86_64-fedora-clang, r-devel-linux-x86_64-fedora-gcc, r-prerel-macos-arm64, r-prerel-windows-x86_64, r-patched-linux-x86_64, r-release-linux-x86_64, r-release-macos-arm64, r-release-macos-x86_64, r-release-windows-x86_64