CRAN Package Check Results for Package gbs2ploidy

Last updated on 2023-03-30 21:49:53 CEST.

Flavor Version Tinstall Tcheck Ttotal Status Flags
r-devel-linux-x86_64-debian-clang 1.0 2.00 32.60 34.60 NOTE
r-devel-linux-x86_64-debian-gcc 1.0 2.04 26.94 28.98 NOTE
r-devel-linux-x86_64-fedora-clang 1.0 44.47 NOTE
r-devel-linux-x86_64-fedora-gcc 1.0 42.32 NOTE
r-devel-windows-x86_64 1.0 15.00 0.00 15.00 NOTE
r-patched-linux-x86_64 1.0 2.11 32.10 34.21 NOTE
r-release-linux-x86_64 1.0 2.58 33.56 36.14 OK
r-release-macos-arm64 1.0 26.00 OK
r-release-macos-x86_64 1.0 28.00 OK
r-release-windows-x86_64 1.0 15.00 72.00 87.00 OK
r-oldrel-macos-arm64 1.0 20.00 OK
r-oldrel-macos-x86_64 1.0 36.00 OK
r-oldrel-windows-ix86+x86_64 1.0 5.00 73.00 78.00 OK

Check Details

Version: 1.0
Check: Rd files
Result: NOTE
    checkRd: (-1) estprops.Rd:40: Escaped LaTeX specials: \&
Flavors: r-devel-linux-x86_64-debian-clang, r-devel-linux-x86_64-debian-gcc, r-devel-linux-x86_64-fedora-clang, r-devel-linux-x86_64-fedora-gcc, r-devel-windows-x86_64, r-patched-linux-x86_64