Last updated on 2024-04-25 07:59:52 CEST.
Flavor | Version | Tinstall | Tcheck | Ttotal | Status | Flags |
---|---|---|---|---|---|---|
r-devel-linux-x86_64-debian-clang | 0.1.0 | 33.87 | 34.36 | 68.23 | OK | |
r-devel-linux-x86_64-debian-gcc | 0.1.0 | 32.97 | 27.76 | 60.73 | OK | |
r-devel-linux-x86_64-fedora-clang | 0.1.0 | 99.18 | OK | |||
r-devel-linux-x86_64-fedora-gcc | 0.1.0 | 120.32 | OK | |||
r-devel-windows-x86_64 | 0.1.0 | 30.00 | 62.00 | 92.00 | OK | |
r-patched-linux-x86_64 | 0.1.0 | 40.07 | 35.69 | 75.76 | OK | |
r-release-linux-x86_64 | 0.1.0 | 45.47 | 33.84 | 79.31 | OK | |
r-release-macos-arm64 | 0.1.0 | 31.00 | NOTE | |||
r-release-windows-x86_64 | 0.1.0 | 31.00 | 64.00 | 95.00 | OK | |
r-oldrel-macos-arm64 | 0.1.0 | 36.00 | NOTE | |||
r-oldrel-macos-x86_64 | 0.1.0 | 54.00 | NOTE | |||
r-oldrel-windows-x86_64 | 0.1.0 | 38.00 | 74.00 | 112.00 | OK |
Version: 0.1.0
Check: installed package size
Result: NOTE
installed size is 6.6Mb
sub-directories of 1Mb or more:
libs 6.5Mb
Flavors: r-release-macos-arm64, r-oldrel-macos-arm64, r-oldrel-macos-x86_64