Last updated on 2025-02-01 12:48:26 CET.
Flavor | Version | Tinstall | Tcheck | Ttotal | Status | Flags |
---|---|---|---|---|---|---|
r-devel-linux-x86_64-debian-clang | 2.3.3 | 4.62 | 23.43 | 28.05 | NOTE | |
r-devel-linux-x86_64-debian-gcc | 2.3.3 | 3.36 | 18.44 | 21.80 | NOTE | |
r-devel-linux-x86_64-fedora-clang | 2.3.3 | 45.51 | NOTE | |||
r-devel-linux-x86_64-fedora-gcc | 2.3.3 | 42.48 | NOTE | |||
r-devel-windows-x86_64 | 2.3.3 | 7.00 | 70.00 | 77.00 | NOTE | |
r-patched-linux-x86_64 | 2.3.3 | 4.22 | 22.45 | 26.67 | NOTE | |
r-release-linux-x86_64 | 2.3.3 | 3.48 | 22.15 | 25.63 | NOTE | |
r-release-macos-arm64 | 2.3.3 | 20.00 | NOTE | |||
r-release-macos-x86_64 | 2.3.3 | 28.00 | NOTE | |||
r-release-windows-x86_64 | 2.3.3 | 10.00 | 59.00 | 69.00 | NOTE | |
r-oldrel-macos-arm64 | 2.3.3 | 23.00 | NOTE | |||
r-oldrel-macos-x86_64 | 2.3.3 | 30.00 | NOTE | |||
r-oldrel-windows-x86_64 | 2.3.3 | 8.00 | 55.00 | 63.00 | NOTE |
Version: 2.3.3
Check: Rd files
Result: NOTE
checkRd: (-1) fitgbd.Rd:29: Escaped LaTeX specials: \&
checkRd: (-1) fitgld.Rd:30: Escaped LaTeX specials: \&
checkRd: (-1) gb.Rd:28: Escaped LaTeX specials: \&
checkRd: (-1) gbd.Rd:37: Escaped LaTeX specials: \&
checkRd: (-1) gld.Rd:36: Escaped LaTeX specials: \&
Flavors: r-devel-linux-x86_64-debian-clang, r-devel-linux-x86_64-debian-gcc, r-devel-linux-x86_64-fedora-clang, r-devel-linux-x86_64-fedora-gcc, r-devel-windows-x86_64, r-patched-linux-x86_64, r-release-linux-x86_64, r-release-macos-arm64, r-release-macos-x86_64, r-release-windows-x86_64, r-oldrel-macos-arm64, r-oldrel-macos-x86_64, r-oldrel-windows-x86_64