Last updated on 2024-04-23 21:54:45 CEST.
Flavor | Version | Tinstall | Tcheck | Ttotal | Status | Flags |
---|---|---|---|---|---|---|
r-devel-linux-x86_64-debian-clang | 0.5.5 | 578.62 | 281.13 | 859.75 | NOTE | |
r-devel-linux-x86_64-debian-gcc | 0.5.5 | 571.31 | 242.20 | 813.51 | NOTE | |
r-devel-linux-x86_64-fedora-clang | 0.5.5 | 1069.02 | NOTE | |||
r-devel-linux-x86_64-fedora-gcc | 0.5.5 | 1438.29 | NOTE | |||
r-prerel-macos-arm64 | 0.5.5 | 255.00 | NOTE | |||
r-prerel-windows-x86_64 | 0.5.5 | 465.00 | 222.00 | 687.00 | NOTE | |
r-patched-linux-x86_64 | 0.5.5 | 514.70 | 318.46 | 833.16 | NOTE | |
r-release-linux-x86_64 | 0.5.5 | 0.01 | 2.47 | 2.48 | ERROR | |
r-release-macos-arm64 | 0.5.5 | 262.00 | NOTE | |||
r-release-macos-x86_64 | 0.5.5 | 374.00 | NOTE | |||
r-release-windows-x86_64 | 0.5.5 | 604.00 | 270.00 | 874.00 | NOTE | |
r-oldrel-macos-arm64 | 0.5.5 | 208.00 | NOTE | |||
r-oldrel-windows-x86_64 | 0.5.5 | 578.00 | 257.00 | 835.00 | NOTE |
Version: 0.5.5
Check: Rd files
Result: NOTE
checkRd: (-1) simulate_gastempt.Rd:30: Lost braces; missing escapes or markup?
30 | \item{tempt_mean, tempt_std}{Mean and between record standard deviation of parameter $t_{empt}$, typically in minutes.}
| ^
Flavors: r-devel-linux-x86_64-debian-clang, r-devel-linux-x86_64-debian-gcc, r-devel-linux-x86_64-fedora-clang, r-devel-linux-x86_64-fedora-gcc, r-prerel-macos-arm64, r-prerel-windows-x86_64, r-patched-linux-x86_64
Version: 0.5.5
Check: for GNU extensions in Makefiles
Result: NOTE
GNU make is a SystemRequirements.
Flavors: r-devel-linux-x86_64-debian-clang, r-devel-linux-x86_64-debian-gcc, r-devel-linux-x86_64-fedora-clang, r-devel-linux-x86_64-fedora-gcc, r-prerel-macos-arm64, r-prerel-windows-x86_64, r-patched-linux-x86_64, r-release-macos-arm64, r-release-macos-x86_64, r-release-windows-x86_64, r-oldrel-macos-arm64, r-oldrel-windows-x86_64
Version: 0.5.5
Check: installed package size
Result: NOTE
installed size is 5.9Mb
sub-directories of 1Mb or more:
libs 5.4Mb
Flavors: r-devel-linux-x86_64-fedora-clang, r-prerel-macos-arm64, r-release-macos-arm64, r-release-macos-x86_64, r-oldrel-macos-arm64
Version: 0.5.5
Check: whether package can be installed
Result: ERROR
Installation failed.
Flavor: r-release-linux-x86_64