Last updated on 2023-11-28 12:51:26 CET.
Flavor | Version | Tinstall | Tcheck | Ttotal | Status | Flags |
---|---|---|---|---|---|---|
r-devel-linux-x86_64-debian-clang | 0.1.0 | 6.72 | 99.17 | 105.89 | NOTE | |
r-devel-linux-x86_64-debian-gcc | 0.1.0 | 5.49 | 73.33 | 78.82 | NOTE | |
r-devel-linux-x86_64-fedora-clang | 0.1.0 | 136.62 | NOTE | |||
r-devel-linux-x86_64-fedora-gcc | 0.1.0 | 135.54 | NOTE | |||
r-devel-windows-x86_64 | 0.1.0 | 7.00 | 97.00 | 104.00 | NOTE | |
r-patched-linux-x86_64 | 0.1.0 | 6.87 | 92.78 | 99.65 | OK | |
r-release-linux-x86_64 | 0.1.0 | 6.66 | 93.07 | 99.73 | OK | |
r-release-macos-arm64 | 0.1.0 | 48.00 | OK | |||
r-release-macos-x86_64 | 0.1.0 | 75.00 | OK | |||
r-release-windows-x86_64 | 0.1.0 | 10.00 | 112.00 | 122.00 | OK | |
r-oldrel-macos-arm64 | 0.1.0 | 42.00 | OK | |||
r-oldrel-macos-x86_64 | 0.1.0 | 77.00 | OK | |||
r-oldrel-windows-x86_64 | 0.1.0 | 10.00 | 108.00 | 118.00 | OK |
Version: 0.1.0
Check: Rd \usage sections
Result: NOTE
Documented arguments not in \usage in Rd file 'as.gapdata.Rd':
‘labels_df’
Functions with \usage entries need to have the appropriate \alias
entries, and all their arguments documented.
The \usage entries must correspond to syntactically valid R code.
See chapter ‘Writing R documentation files’ in the ‘Writing R
Extensions’ manual.
Flavors: r-devel-linux-x86_64-debian-clang, r-devel-linux-x86_64-debian-gcc, r-devel-linux-x86_64-fedora-clang, r-devel-linux-x86_64-fedora-gcc, r-devel-windows-x86_64