Last updated on 2023-09-27 06:02:08 CEST.
Flavor | Version | Tinstall | Tcheck | Ttotal | Status | Flags |
---|---|---|---|---|---|---|
r-devel-linux-x86_64-debian-clang | 2.0-1 | 149.37 | 54.55 | 203.92 | OK | |
r-devel-linux-x86_64-debian-gcc | 2.0-1 | 100.61 | 40.91 | 141.52 | OK | |
r-devel-linux-x86_64-fedora-clang | 2.0-1 | 307.79 | OK | |||
r-devel-linux-x86_64-fedora-gcc | 2.0-1 | 321.75 | OK | |||
r-devel-windows-x86_64 | 2.0-1 | 114.00 | 93.00 | 207.00 | OK | |
r-patched-linux-x86_64 | 2.0-1 | 151.47 | 52.33 | 203.80 | OK | |
r-release-linux-x86_64 | 2.0-1 | 149.22 | 52.69 | 201.91 | OK | |
r-release-macos-arm64 | 2.0-1 | 84.00 | NOTE | |||
r-release-macos-x86_64 | 2.0-1 | 117.00 | NOTE | |||
r-release-windows-x86_64 | 2.0-1 | 142.00 | 99.00 | 241.00 | OK | |
r-oldrel-macos-arm64 | 2.0-1 | 67.00 | NOTE | |||
r-oldrel-macos-x86_64 | 2.0-1 | 88.00 | NOTE | |||
r-oldrel-windows-x86_64 | 2.0-1 | 139.00 | 97.00 | 236.00 | OK |
Version: 2.0-1
Check: installed package size
Result: NOTE
installed size is 6.0Mb
sub-directories of 1Mb or more:
libs 5.1Mb
Flavors: r-release-macos-arm64, r-release-macos-x86_64, r-oldrel-macos-arm64, r-oldrel-macos-x86_64