Last updated on 2024-03-29 06:56:27 CET.
Flavor | Version | Tinstall | Tcheck | Ttotal | Status | Flags |
---|---|---|---|---|---|---|
r-devel-linux-x86_64-debian-clang | 2.0-1 | 140.04 | 56.08 | 196.12 | OK | |
r-devel-linux-x86_64-debian-gcc | 2.0-1 | 115.16 | 41.32 | 156.48 | OK | |
r-devel-linux-x86_64-fedora-clang | 2.0-1 | 314.26 | OK | |||
r-devel-linux-x86_64-fedora-gcc | 2.0-1 | 317.94 | OK | |||
r-devel-windows-x86_64 | 2.0-1 | 118.00 | 84.00 | 202.00 | OK | |
r-patched-linux-x86_64 | 2.0-1 | 160.90 | 52.98 | 213.88 | OK | |
r-release-linux-x86_64 | 2.0-1 | 169.03 | 53.14 | 222.17 | OK | |
r-release-macos-arm64 | 2.0-1 | 84.00 | NOTE | |||
r-release-macos-x86_64 | 2.0-1 | 117.00 | NOTE | |||
r-release-windows-x86_64 | 2.0-1 | 146.00 | 97.00 | 243.00 | OK | |
r-oldrel-macos-arm64 | 2.0-1 | 67.00 | NOTE | |||
r-oldrel-windows-x86_64 | 2.0-1 | 138.00 | 95.00 | 233.00 | OK |
Version: 2.0-1
Check: installed package size
Result: NOTE
installed size is 6.0Mb
sub-directories of 1Mb or more:
libs 5.1Mb
Flavors: r-release-macos-arm64, r-release-macos-x86_64, r-oldrel-macos-arm64