Last updated on 2024-04-18 21:56:51 CEST.
Flavor | Version | Tinstall | Tcheck | Ttotal | Status | Flags |
---|---|---|---|---|---|---|
r-devel-linux-x86_64-debian-clang | 1.0.5 | 10.15 | 154.97 | 165.12 | OK | |
r-devel-linux-x86_64-debian-gcc | 1.0.5 | 8.92 | 112.13 | 121.05 | OK | |
r-devel-linux-x86_64-fedora-clang | 1.0.5 | 203.80 | NOTE | |||
r-devel-linux-x86_64-fedora-gcc | 1.0.5 | 206.68 | OK | |||
r-prerel-macos-arm64 | 1.0.5 | 67.00 | OK | |||
r-prerel-macos-x86_64 | 1.0.5 | 202.00 | OK | |||
r-prerel-windows-x86_64 | 1.0.5 | 12.00 | 171.00 | 183.00 | OK | |
r-patched-linux-x86_64 | 1.0.5 | 10.07 | 143.82 | 153.89 | OK | |
r-release-linux-x86_64 | 1.0.5 | 9.88 | 143.69 | 153.57 | OK | |
r-release-macos-arm64 | 1.0.5 | 64.00 | OK | |||
r-release-macos-x86_64 | 1.0.5 | 150.00 | OK | |||
r-release-windows-x86_64 | 1.0.5 | 14.00 | 209.00 | 223.00 | OK | |
r-oldrel-macos-arm64 | 1.0.5 | 62.00 | OK | |||
r-oldrel-windows-x86_64 | 1.0.5 | 16.00 | 209.00 | 225.00 | OK |
Version: 1.0.5
Check: Rd cross-references
Result: NOTE
Undeclared package ‘hyperSpec’ in Rd xrefs
Flavor: r-devel-linux-x86_64-fedora-clang