Last updated on 2023-03-27 12:54:21 CEST.
Flavor | Version | Tinstall | Tcheck | Ttotal | Status | Flags |
---|---|---|---|---|---|---|
r-devel-linux-x86_64-debian-clang | 1.0-1 | 10.73 | 90.27 | 101.00 | OK | |
r-devel-linux-x86_64-debian-gcc | 1.0-1 | 8.32 | 67.96 | 76.28 | OK | |
r-devel-linux-x86_64-fedora-clang | 1.0-1 | 121.56 | NOTE | |||
r-devel-linux-x86_64-fedora-gcc | 1.0-1 | 116.78 | OK | |||
r-patched-linux-x86_64 | 1.0-1 | 9.78 | 86.53 | 96.31 | OK | |
r-release-linux-x86_64 | 1.0-1 | 10.10 | 85.90 | 96.00 | OK | |
r-release-macos-arm64 | 1.0-1 | 37.00 | OK | |||
r-release-macos-x86_64 | 1.0-1 | 50.00 | OK | |||
r-release-windows-x86_64 | 1.0-1 | 19.00 | 115.00 | 134.00 | OK | |
r-oldrel-macos-arm64 | 1.0-1 | 40.00 | OK | |||
r-oldrel-macos-x86_64 | 1.0-1 | 51.00 | OK | |||
r-oldrel-windows-ix86+x86_64 | 1.0-1 | 21.00 | 114.00 | 135.00 | OK |
Version: 1.0-1
Check: Rd cross-references
Result: NOTE
Undeclared packages ‘gamlss.dist’, ‘gamlss.add’ in Rd xrefs
Flavor: r-devel-linux-x86_64-fedora-clang