Last updated on 2024-04-24 12:56:35 CEST.
Flavor | Version | Tinstall | Tcheck | Ttotal | Status | Flags |
---|---|---|---|---|---|---|
r-devel-linux-x86_64-debian-clang | 1.13-8 | 7.35 | 76.30 | 83.65 | NOTE | |
r-devel-linux-x86_64-debian-gcc | 1.13-8 | 7.43 | 58.03 | 65.46 | NOTE | |
r-devel-linux-x86_64-fedora-clang | 1.13-8 | 106.02 | NOTE | |||
r-devel-linux-x86_64-fedora-gcc | 1.13-8 | 103.76 | NOTE | |||
r-devel-windows-x86_64 | 1.13-8 | 12.00 | 73.00 | 85.00 | NOTE | |
r-patched-linux-x86_64 | 1.13-8 | 9.96 | 76.52 | 86.48 | NOTE | |
r-release-linux-x86_64 | 1.13-8 | 10.24 | 75.49 | 85.73 | OK | |
r-release-macos-arm64 | 1.13-8 | 37.00 | OK | |||
r-release-windows-x86_64 | 1.13-8 | 11.00 | 74.00 | 85.00 | NOTE | |
r-oldrel-macos-arm64 | 1.13-8 | 37.00 | OK | |||
r-oldrel-macos-x86_64 | 1.13-8 | 78.00 | OK | |||
r-oldrel-windows-x86_64 | 1.13-8 | 14.00 | 93.00 | 107.00 | OK |
Version: 1.13-8
Check: Rd files
Result: NOTE
checkRd: (-1) naref.Rd:13: Lost braces
13 | \details{ For every \code{factor} or \code{character} column in \code{x}, \code{naref} sets \code{NA} as the reference level for a \code{factor} variable. Columns coded as \code{character} class are first converted to factors via \R{factor(x)}. If \code{impute=TRUE} then the numeric columns are converted to two columns, one appended \code{.x} that contains imputed values and another appended \code{.miss} which is a binary variable indicating whether the original value was missing. Numeric columns are returned without change if \code{impute=FALSE} or if they do not contain any missing values.
| ^
Flavors: r-devel-linux-x86_64-debian-clang, r-devel-linux-x86_64-debian-gcc, r-devel-linux-x86_64-fedora-clang, r-devel-linux-x86_64-fedora-gcc, r-devel-windows-x86_64, r-patched-linux-x86_64, r-release-windows-x86_64