Last updated on 2025-02-04 03:49:48 CET.
Flavor | Version | Tinstall | Tcheck | Ttotal | Status | Flags |
---|---|---|---|---|---|---|
r-devel-linux-x86_64-debian-clang | 0.7.0 | 5.16 | 50.16 | 55.32 | OK | |
r-devel-linux-x86_64-debian-gcc | 0.7.0 | 4.76 | 38.27 | 43.03 | OK | |
r-devel-linux-x86_64-fedora-clang | 0.7.0 | 90.30 | OK | |||
r-devel-linux-x86_64-fedora-gcc | 0.7.0 | 83.51 | OK | |||
r-devel-windows-x86_64 | 0.7.0 | 7.00 | 64.00 | 71.00 | OK | |
r-patched-linux-x86_64 | 0.7.0 | 5.95 | 48.05 | 54.00 | NOTE | |
r-release-linux-x86_64 | 0.7.0 | 6.12 | 47.15 | 53.27 | NOTE | |
r-release-macos-arm64 | 0.7.0 | 27.00 | NOTE | |||
r-release-macos-x86_64 | 0.7.0 | 44.00 | NOTE | |||
r-release-windows-x86_64 | 0.7.0 | 8.00 | 62.00 | 70.00 | NOTE | |
r-oldrel-macos-arm64 | 0.7.0 | 30.00 | NOTE | |||
r-oldrel-macos-x86_64 | 0.7.0 | 46.00 | NOTE | |||
r-oldrel-windows-x86_64 | 0.7.0 | 9.00 | 69.00 | 78.00 | NOTE |
Version: 0.7.0
Check: LazyData
Result: NOTE
'LazyData' is specified without a 'data' directory
Flavors: r-patched-linux-x86_64, r-release-linux-x86_64, r-release-macos-arm64, r-release-macos-x86_64, r-release-windows-x86_64, r-oldrel-macos-arm64, r-oldrel-macos-x86_64, r-oldrel-windows-x86_64