CRAN Package Check Results for Package gaiah

Last updated on 2024-05-19 02:51:15 CEST.

Flavor Version Tinstall Tcheck Ttotal Status Flags
r-devel-linux-x86_64-debian-clang 0.0.5 6.19 97.06 103.25 NOTE
r-devel-linux-x86_64-debian-gcc 0.0.5 4.85 69.01 73.86 NOTE
r-devel-linux-x86_64-fedora-clang 0.0.5 122.78 NOTE
r-devel-linux-x86_64-fedora-gcc 0.0.5 162.37 NOTE
r-devel-windows-x86_64 0.0.5 6.00 84.00 90.00 NOTE
r-patched-linux-x86_64 0.0.5 5.68 90.08 95.76 NOTE
r-release-linux-x86_64 0.0.5 6.43 90.68 97.11 NOTE
r-release-macos-arm64 0.0.5 35.00 NOTE
r-release-windows-x86_64 0.0.5 7.00 87.00 94.00 NOTE
r-oldrel-macos-arm64 0.0.5 46.00 OK
r-oldrel-macos-x86_64 0.0.5 74.00 OK
r-oldrel-windows-x86_64 0.0.5 8.00 107.00 115.00 OK

Check Details

Version: 0.0.5
Check: Rd files
Result: NOTE checkRd: (-1) min_hpd_inc_area_df.Rd:20: Lost braces in \itemize; \value handles \item{}{} directly checkRd: (-1) min_hpd_inc_area_df.Rd:21-22: Lost braces in \itemize; \value handles \item{}{} directly checkRd: (-1) min_hpd_inc_area_df.Rd:23: Lost braces in \itemize; \value handles \item{}{} directly checkRd: (-1) vza_mean_and_var_rasters.Rd:20: Lost braces 20 | of the paper on Wilson's warbler, this function computes $tilde{T}^{(mu)}$ (returned as | ^ checkRd: (-1) vza_mean_and_var_rasters.Rd:20: Lost braces; missing escapes or markup? 20 | of the paper on Wilson's warbler, this function computes $tilde{T}^{(mu)}$ (returned as | ^ checkRd: (-1) vza_mean_and_var_rasters.Rd:21: Lost braces; missing escapes or markup? 21 | list component \code{mean.raster}) and $R^{(sigma^2)}$ (returned as list component | ^ Flavors: r-devel-linux-x86_64-debian-clang, r-devel-linux-x86_64-debian-gcc, r-devel-linux-x86_64-fedora-clang, r-devel-linux-x86_64-fedora-gcc, r-devel-windows-x86_64, r-patched-linux-x86_64, r-release-linux-x86_64, r-release-macos-arm64, r-release-windows-x86_64