Last updated on 2024-03-29 12:54:06 CET.
Flavor | Version | Tinstall | Tcheck | Ttotal | Status | Flags |
---|---|---|---|---|---|---|
r-devel-linux-x86_64-debian-clang | 2.0.1 | 313.22 | 145.92 | 459.14 | OK | |
r-devel-linux-x86_64-debian-gcc | 2.0.1 | 250.24 | 109.85 | 360.09 | OK | |
r-devel-linux-x86_64-fedora-clang | 2.0.1 | 654.24 | OK | |||
r-devel-linux-x86_64-fedora-gcc | 2.0.1 | 688.21 | OK | |||
r-devel-windows-x86_64 | 2.0.1 | 238.00 | 184.00 | 422.00 | OK | |
r-patched-linux-x86_64 | 2.0.1 | 318.94 | 141.71 | 460.65 | OK | |
r-release-linux-x86_64 | 2.0.1 | 322.45 | 142.08 | 464.53 | OK | |
r-release-macos-arm64 | 2.0.1 | 130.00 | NOTE | |||
r-release-macos-x86_64 | 2.0.1 | 217.00 | NOTE | |||
r-release-windows-x86_64 | 2.0.1 | 295.00 | 213.00 | 508.00 | OK | |
r-oldrel-macos-arm64 | 2.0.1 | 118.00 | NOTE | |||
r-oldrel-windows-x86_64 | 2.0.1 | 275.00 | 195.00 | 470.00 | OK |
Version: 2.0.1
Check: installed package size
Result: NOTE
installed size is 11.9Mb
sub-directories of 1Mb or more:
data 1.3Mb
libs 9.4Mb
Flavors: r-release-macos-arm64, r-release-macos-x86_64, r-oldrel-macos-arm64